Last updated on 2021-01-21 00:47:05 CET.
Flavor | Version | Tinstall | Tcheck | Ttotal | Status | Flags |
---|---|---|---|---|---|---|
r-devel-linux-x86_64-debian-clang | 1.2.6 | 5.58 | 57.80 | 63.38 | OK | |
r-devel-linux-x86_64-debian-gcc | 1.2.6 | 4.38 | 42.48 | 46.86 | OK | |
r-devel-linux-x86_64-fedora-clang | 1.2.6 | 84.49 | NOTE | |||
r-devel-linux-x86_64-fedora-gcc | 1.2.6 | 76.12 | OK | |||
r-devel-windows-ix86+x86_64 | 1.2.6 | 9.00 | 57.00 | 66.00 | OK | |
r-patched-linux-x86_64 | 1.2.6 | 5.87 | 54.04 | 59.91 | OK | |
r-patched-solaris-x86 | 1.2.6 | 96.90 | OK | |||
r-release-linux-x86_64 | 1.2.6 | 6.46 | 55.08 | 61.54 | OK | |
r-release-macos-x86_64 | 1.2.6 | OK | ||||
r-release-windows-ix86+x86_64 | 1.2.6 | 8.00 | 76.00 | 84.00 | OK | |
r-oldrel-macos-x86_64 | 1.2.6 | OK | ||||
r-oldrel-windows-ix86+x86_64 | 1.2.6 | 7.00 | 48.00 | 55.00 | OK |
Version: 1.2.6
Check: Rd cross-references
Result: NOTE
Undeclared package ‘Kendall’ in Rd xrefs
Flavor: r-devel-linux-x86_64-fedora-clang