CRAN Package Check Results for Package FlowScreen

Last updated on 2021-04-12 02:47:41 CEST.

Flavor Version Tinstall Tcheck Ttotal Status Flags
r-devel-linux-x86_64-debian-clang 1.2.6 5.17 58.65 63.82 OK
r-devel-linux-x86_64-debian-gcc 1.2.6 5.05 42.96 48.01 OK
r-devel-linux-x86_64-fedora-clang 1.2.6 85.15 NOTE
r-devel-linux-x86_64-fedora-gcc 1.2.6 71.66 OK
r-devel-windows-ix86+x86_64 1.2.6 11.00 79.00 90.00 OK
r-devel-windows-x86_64-gcc10-UCRT 1.2.6 OK
r-patched-linux-x86_64 1.2.6 5.47 53.98 59.45 OK
r-patched-solaris-x86 1.2.6 96.60 OK
r-release-linux-x86_64 1.2.6 5.50 55.52 61.02 OK
r-release-macos-x86_64 1.2.6 OK
r-release-windows-ix86+x86_64 1.2.6 8.00 75.00 83.00 OK
r-oldrel-macos-x86_64 1.2.6 OK
r-oldrel-windows-ix86+x86_64 1.2.6 9.00 56.00 65.00 OK

Check Details

Version: 1.2.6
Check: Rd cross-references
Result: NOTE
    Undeclared package ‘Kendall’ in Rd xrefs
Flavor: r-devel-linux-x86_64-fedora-clang