Last updated on 2023-06-07 06:57:47 CEST.
Flavor | Version | Tinstall | Tcheck | Ttotal | Status | Flags |
---|---|---|---|---|---|---|
r-devel-linux-x86_64-debian-clang | 1.3.1 | 17.47 | 218.93 | 236.40 | OK | |
r-devel-linux-x86_64-debian-gcc | 1.3.1 | 13.44 | 159.75 | 173.19 | OK | |
r-devel-linux-x86_64-fedora-clang | 1.3.1 | 288.80 | NOTE | |||
r-devel-linux-x86_64-fedora-gcc | 1.3.1 | 274.94 | OK | |||
r-devel-windows-x86_64 | 1.3.1 | 15.00 | 163.00 | 178.00 | OK | |
r-patched-linux-x86_64 | 1.3.1 | 22.42 | 203.58 | 226.00 | OK | |
r-release-linux-x86_64 | 1.3.1 | 14.03 | 204.37 | 218.40 | OK | |
r-release-macos-arm64 | 1.3.1 | 74.00 | OK | |||
r-release-macos-x86_64 | 1.3.1 | 139.00 | OK | |||
r-release-windows-x86_64 | 1.3.1 | 19.00 | 211.00 | 230.00 | OK | |
r-oldrel-macos-arm64 | 1.3.1 | 76.00 | OK | |||
r-oldrel-macos-x86_64 | 1.3.1 | 130.00 | OK | |||
r-oldrel-windows-x86_64 | 1.3.1 | 20.00 | 205.00 | 225.00 | OK |
Version: 1.3.1
Check: Rd cross-references
Result: NOTE
Undeclared package ‘ForecastCombinations’ in Rd xrefs
Flavor: r-devel-linux-x86_64-fedora-clang