Last updated on 2023-02-02 00:54:44 CET.
Flavor | Version | Tinstall | Tcheck | Ttotal | Status | Flags |
---|---|---|---|---|---|---|
r-devel-linux-x86_64-debian-clang | 0.1.0 | 2.39 | 31.77 | 34.16 | NOTE | |
r-devel-linux-x86_64-debian-gcc | 0.1.0 | 1.46 | 23.34 | 24.80 | NOTE | |
r-devel-linux-x86_64-fedora-clang | 0.1.0 | 47.38 | NOTE | |||
r-devel-linux-x86_64-fedora-gcc | 0.1.0 | 41.35 | NOTE | |||
r-patched-linux-x86_64 | 0.1.0 | 2.35 | 30.19 | 32.54 | NOTE | |
r-release-linux-x86_64 | 0.1.0 | 2.43 | 31.38 | 33.81 | NOTE | |
r-release-macos-arm64 | 0.1.0 | 17.00 | NOTE | |||
r-release-macos-x86_64 | 0.1.0 | 27.00 | NOTE | |||
r-release-windows-x86_64 | 0.1.0 | 9.00 | 60.00 | 69.00 | NOTE | |
r-oldrel-macos-arm64 | 0.1.0 | 19.00 | NOTE | |||
r-oldrel-macos-x86_64 | 0.1.0 | 32.00 | NOTE | |||
r-oldrel-windows-ix86+x86_64 | 0.1.0 | 6.00 | 55.00 | 61.00 | NOTE |
Version: 0.1.0
Check: LazyData
Result: NOTE
'LazyData' is specified without a 'data' directory
Flavors: r-devel-linux-x86_64-debian-clang, r-devel-linux-x86_64-debian-gcc, r-devel-linux-x86_64-fedora-clang, r-devel-linux-x86_64-fedora-gcc, r-patched-linux-x86_64, r-release-linux-x86_64, r-release-macos-arm64, r-release-macos-x86_64, r-release-windows-x86_64, r-oldrel-macos-arm64, r-oldrel-macos-x86_64, r-oldrel-windows-ix86+x86_64