CRAN Package Check Results for Package FormShare

Last updated on 2023-12-09 07:49:32 CET.

Flavor Version Tinstall Tcheck Ttotal Status Flags
r-devel-linux-x86_64-debian-clang 1.0.1 3.27 22.04 25.31 OK
r-devel-linux-x86_64-debian-gcc 1.0.1 2.51 17.27 19.78 OK
r-devel-linux-x86_64-fedora-clang 1.0.1 30.95 NOTE
r-devel-linux-x86_64-fedora-gcc 1.0.1 29.31 NOTE
r-devel-windows-x86_64 1.0.1 3.00 39.00 42.00 OK
r-patched-linux-x86_64 1.0.1 3.25 21.86 25.11 OK
r-release-linux-x86_64 1.0.1 3.18 21.56 24.74 OK
r-release-macos-arm64 1.0.1 17.00 OK
r-release-macos-x86_64 1.0.1 23.00 OK
r-release-windows-x86_64 1.0.1 4.00 38.00 42.00 OK
r-oldrel-macos-arm64 1.0.1 17.00 OK
r-oldrel-macos-x86_64 1.0.1 23.00 OK
r-oldrel-windows-x86_64 1.0.1 5.00 41.00 46.00 OK

Check Details

Version: 1.0.1
Check: dependencies in R code
Result: NOTE Namespaces in Imports field not imported from: ‘R6’ ‘httr’ ‘jsonlite’ All declared Imports should be used. Flavors: r-devel-linux-x86_64-fedora-clang, r-devel-linux-x86_64-fedora-gcc