CRAN Package Check Results for Package FracKrigingR

Last updated on 2024-06-25 08:48:16 CEST.

Flavor Version Tinstall Tcheck Ttotal Status Flags
r-devel-linux-x86_64-debian-clang 1.0.0 1.50 37.67 39.17 OK
r-devel-linux-x86_64-debian-gcc 1.0.0 1.81 25.38 27.19 OK
r-devel-linux-x86_64-fedora-clang 1.0.0 47.62 NOTE
r-devel-linux-x86_64-fedora-gcc 1.0.0 44.29 NOTE
r-devel-windows-x86_64 1.0.0 3.00 49.00 52.00 OK
r-patched-linux-x86_64 1.0.0 2.39 33.84 36.23 OK
r-release-linux-x86_64 1.0.0 2.33 33.85 36.18 OK
r-release-macos-arm64 1.0.0 17.00 OK
r-release-macos-x86_64 1.0.0 25.00 OK
r-release-windows-x86_64 1.0.0 3.00 46.00 49.00 OK
r-oldrel-macos-arm64 1.0.0 18.00 OK
r-oldrel-macos-x86_64 1.0.0 23.00 OK
r-oldrel-windows-x86_64 1.0.0 4.00 51.00 55.00 OK

Check Details

Version: 1.0.0
Check: dependencies in R code
Result: NOTE Namespace in Imports field not imported from: ‘psych’ All declared Imports should be used. Flavors: r-devel-linux-x86_64-fedora-clang, r-devel-linux-x86_64-fedora-gcc