CRAN Package Check Results for Package FreeSortR

Last updated on 2021-06-22 01:49:15 CEST.

Flavor Version Tinstall Tcheck Ttotal Status Flags
r-devel-linux-x86_64-debian-clang 1.3 16.25 131.44 147.69 OK
r-devel-linux-x86_64-debian-gcc 1.3 12.34 96.31 108.65 OK
r-devel-linux-x86_64-fedora-clang 1.3 179.09 OK
r-devel-linux-x86_64-fedora-gcc 1.3 169.90 OK
r-devel-windows-x86_64 1.3 27.00 153.00 180.00 OK
r-devel-windows-x86_64-gcc10-UCRT 1.3 ERROR
r-patched-linux-x86_64 1.3 16.42 120.78 137.20 OK
r-patched-solaris-x86 1.3 244.30 OK
r-release-linux-x86_64 1.3 13.30 122.81 136.11 OK
r-release-macos-arm64 1.3 OK
r-release-macos-x86_64 1.3 OK
r-release-windows-ix86+x86_64 1.3 41.00 157.00 198.00 OK
r-oldrel-macos-x86_64 1.3 OK

Check Details

Version: 1.3
Check: package dependencies
Result: ERROR
    Package required but not available: 'smacof'
    
    See section 'The DESCRIPTION file' in the 'Writing R Extensions'
    manual.
Flavor: r-devel-windows-x86_64-gcc10-UCRT