CRAN Package Check Results for Package GA

Last updated on 2021-06-22 01:49:15 CEST.

Flavor Version Tinstall Tcheck Ttotal Status Flags
r-devel-linux-x86_64-debian-clang 3.2.1 55.21 93.77 148.98 OK
r-devel-linux-x86_64-debian-gcc 3.2.1 37.76 70.04 107.80 OK
r-devel-linux-x86_64-fedora-clang 3.2.1 193.19 NOTE
r-devel-linux-x86_64-fedora-gcc 3.2.1 179.33 OK
r-devel-windows-x86_64 3.2.1 67.00 122.00 189.00 NOTE
r-devel-windows-x86_64-gcc10-UCRT 3.2.1 OK
r-patched-linux-x86_64 3.2.1 44.73 88.24 132.97 OK
r-patched-solaris-x86 3.2.1 199.40 NOTE
r-release-linux-x86_64 3.2.1 42.36 89.71 132.07 OK
r-release-macos-arm64 3.2.1 NOTE
r-release-macos-x86_64 3.2.1 NOTE
r-release-windows-ix86+x86_64 3.2.1 117.00 149.00 266.00 NOTE
r-oldrel-macos-x86_64 3.2.1 NOTE

Check Details

Version: 3.2.1
Check: installed package size
Result: NOTE
     installed size is 48.4Mb
     sub-directories of 1Mb or more:
     doc 44.4Mb
     libs 3.4Mb
Flavors: r-devel-linux-x86_64-fedora-clang, r-devel-windows-x86_64, r-patched-solaris-x86, r-release-macos-arm64, r-release-macos-x86_64, r-release-windows-ix86+x86_64, r-oldrel-macos-x86_64