Last updated on 2023-11-29 07:52:10 CET.
Flavor | Version | Tinstall | Tcheck | Ttotal | Status | Flags |
---|---|---|---|---|---|---|
r-devel-linux-x86_64-debian-clang | 1.3 | 9.57 | 113.14 | 122.71 | NOTE | |
r-devel-linux-x86_64-debian-gcc | 1.3 | 7.07 | 81.25 | 88.32 | NOTE | |
r-devel-linux-x86_64-fedora-clang | 1.3 | 145.58 | NOTE | |||
r-devel-linux-x86_64-fedora-gcc | 1.3 | 150.35 | NOTE | |||
r-devel-windows-x86_64 | 1.3 | 10.00 | 111.00 | 121.00 | NOTE | |
r-patched-linux-x86_64 | 1.3 | 6.42 | 105.01 | 111.43 | OK | |
r-release-linux-x86_64 | 1.3 | 6.11 | 105.49 | 111.60 | OK | |
r-release-macos-arm64 | 1.3 | 55.00 | OK | |||
r-release-macos-x86_64 | 1.3 | 86.00 | OK | |||
r-release-windows-x86_64 | 1.3 | 13.00 | 127.00 | 140.00 | OK | |
r-oldrel-macos-arm64 | 1.3 | 56.00 | NOTE | |||
r-oldrel-macos-x86_64 | 1.3 | 92.00 | NOTE | |||
r-oldrel-windows-x86_64 | 1.3 | 13.00 | 130.00 | 143.00 | OK |
Version: 1.3
Check: Rd files
Result: NOTE
checkRd: (-1) QTLmarkers.Rd:30: Lost braces
30 | (\doi{10.1093/jas/sky382}{PubMed})
| ^
checkRd: (-1) QTLwindows.Rd:31: Lost braces
31 | (\doi{10.1093/jas/sky382}{PubMed})
| ^
Flavors: r-devel-linux-x86_64-debian-clang, r-devel-linux-x86_64-debian-gcc
Version: 1.3
Check: Rd \usage sections
Result: NOTE
Documented arguments not in \usage in Rd file 'splitQTL_comment.Rd':
‘output_qtls’
Functions with \usage entries need to have the appropriate \alias
entries, and all their arguments documented.
The \usage entries must correspond to syntactically valid R code.
See chapter ‘Writing R documentation files’ in the ‘Writing R
Extensions’ manual.
Flavors: r-devel-linux-x86_64-debian-clang, r-devel-linux-x86_64-debian-gcc, r-devel-linux-x86_64-fedora-clang, r-devel-linux-x86_64-fedora-gcc, r-devel-windows-x86_64
Version: 1.3
Check: dependencies in R code
Result: NOTE
Namespaces in Imports field not imported from:
‘DT’ ‘webshot’
All declared Imports should be used.
Flavors: r-devel-linux-x86_64-fedora-clang, r-devel-linux-x86_64-fedora-gcc, r-oldrel-macos-arm64, r-oldrel-macos-x86_64