CRAN Package Check Results for Package GAS

Last updated on 2019-12-06 00:49:56 CET.

Flavor Version Tinstall Tcheck Ttotal Status Flags
r-devel-linux-x86_64-debian-clang 0.3.0 415.26 82.03 497.29 OK
r-devel-linux-x86_64-debian-gcc 0.3.0 283.39 59.79 343.18 OK
r-devel-linux-x86_64-fedora-clang 0.3.0 756.42 NOTE
r-devel-linux-x86_64-fedora-gcc 0.3.0 666.88 OK
r-devel-windows-ix86+x86_64 0.3.0 781.00 146.00 927.00 NOTE
r-devel-windows-ix86+x86_64-gcc8 0.3.0 879.00 150.00 1029.00 NOTE
r-patched-linux-x86_64 0.3.0 319.93 74.34 394.27 OK
r-patched-solaris-x86 0.3.0 585.00 OK
r-release-linux-x86_64 0.3.0 318.36 74.43 392.79 OK
r-release-windows-ix86+x86_64 0.3.0 855.00 126.00 981.00 NOTE
r-release-osx-x86_64 0.3.0 NOTE
r-oldrel-windows-ix86+x86_64 0.3.0 612.00 129.00 741.00 NOTE
r-oldrel-osx-x86_64 0.3.0 NOTE

Additional issues

LTO

Check Details

Version: 0.3.0
Check: installed package size
Result: NOTE
     installed size is 11.7Mb
     sub-directories of 1Mb or more:
     data 1.4Mb
     libs 9.4Mb
Flavors: r-devel-linux-x86_64-fedora-clang, r-devel-windows-ix86+x86_64, r-devel-windows-ix86+x86_64-gcc8, r-release-windows-ix86+x86_64, r-release-osx-x86_64, r-oldrel-windows-ix86+x86_64, r-oldrel-osx-x86_64