CRAN Package Check Results for Package GAS

Last updated on 2020-07-09 01:57:40 CEST.

Flavor Version Tinstall Tcheck Ttotal Status Flags
r-devel-linux-x86_64-debian-clang 0.3.3 441.46 82.58 524.04 OK
r-devel-linux-x86_64-debian-gcc 0.3.3 323.30 60.58 383.88 OK
r-devel-linux-x86_64-fedora-clang 0.3.3 753.85 NOTE
r-devel-linux-x86_64-fedora-gcc 0.3.3 698.08 OK
r-devel-windows-ix86+x86_64 0.3.3 801.00 151.00 952.00 NOTE
r-patched-linux-x86_64 0.3.3 336.42 83.90 420.32 OK
r-patched-solaris-x86 0.3.3 535.00 OK
r-release-linux-x86_64 0.3.3 334.93 81.35 416.28 OK
r-release-osx-x86_64 0.3.3 NOTE
r-release-windows-ix86+x86_64 0.3.3 852.00 155.00 1007.00 NOTE
r-oldrel-osx-x86_64 0.3.3 NOTE
r-oldrel-windows-ix86+x86_64 0.3.3 815.00 198.00 1013.00 OK

Check Details

Version: 0.3.3
Check: installed package size
Result: NOTE
     installed size is 12.7Mb
     sub-directories of 1Mb or more:
     data 1.4Mb
     libs 10.6Mb
Flavors: r-devel-linux-x86_64-fedora-clang, r-devel-windows-ix86+x86_64, r-release-osx-x86_64, r-release-windows-ix86+x86_64, r-oldrel-osx-x86_64