CRAN Package Check Results for Package GAS

Last updated on 2021-02-27 00:52:02 CET.

Flavor Version Tinstall Tcheck Ttotal Status Flags
r-devel-linux-x86_64-debian-clang 0.3.3 463.80 85.18 548.98 OK
r-devel-linux-x86_64-debian-gcc 0.3.3 298.32 62.77 361.09 OK
r-devel-linux-x86_64-fedora-clang 0.3.3 781.21 NOTE
r-devel-linux-x86_64-fedora-gcc 0.3.3 735.62 OK
r-devel-windows-ix86+x86_64 0.3.3 784.00 132.00 916.00 NOTE
r-patched-linux-x86_64 0.3.3 356.06 81.69 437.75 OK
r-patched-solaris-x86 0.3.3 610.40 OK
r-release-linux-x86_64 0.3.3 348.86 81.24 430.10 OK
r-release-macos-x86_64 0.3.3 NOTE
r-release-windows-ix86+x86_64 0.3.3 1056.00 183.00 1239.00 NOTE
r-oldrel-macos-x86_64 0.3.3 NOTE
r-oldrel-windows-ix86+x86_64 0.3.3 708.00 134.00 842.00 OK

Check Details

Version: 0.3.3
Check: installed package size
Result: NOTE
     installed size is 12.4Mb
     sub-directories of 1Mb or more:
     data 1.4Mb
     libs 10.4Mb
Flavors: r-devel-linux-x86_64-fedora-clang, r-devel-windows-ix86+x86_64, r-release-macos-x86_64, r-release-windows-ix86+x86_64, r-oldrel-macos-x86_64