CRAN Package Check Results for Package GB2group

Last updated on 2023-01-28 01:50:10 CET.

Flavor Version Tinstall Tcheck Ttotal Status Flags
r-devel-linux-x86_64-debian-clang 0.3.0 11.88 94.83 106.71 NOTE
r-devel-linux-x86_64-debian-gcc 0.3.0 8.23 71.70 79.93 NOTE
r-devel-linux-x86_64-fedora-clang 0.3.0 141.77 NOTE
r-devel-linux-x86_64-fedora-gcc 0.3.0 135.67 NOTE
r-devel-windows-x86_64 0.3.0 23.00 115.00 138.00 NOTE
r-patched-linux-x86_64 0.3.0 11.82 90.30 102.12 NOTE
r-release-linux-x86_64 0.3.0 10.82 91.69 102.51 NOTE
r-release-macos-arm64 0.3.0 34.00 NOTE
r-release-macos-x86_64 0.3.0 67.00 NOTE
r-release-windows-x86_64 0.3.0 19.00 158.00 177.00 NOTE
r-oldrel-macos-arm64 0.3.0 49.00 NOTE
r-oldrel-macos-x86_64 0.3.0 72.00 NOTE
r-oldrel-windows-ix86+x86_64 0.3.0 24.00 112.00 136.00 NOTE

Check Details

Version: 0.3.0
Check: LazyData
Result: NOTE
     'LazyData' is specified without a 'data' directory
Flavors: r-devel-linux-x86_64-debian-clang, r-devel-linux-x86_64-debian-gcc, r-devel-linux-x86_64-fedora-clang, r-devel-linux-x86_64-fedora-gcc, r-devel-windows-x86_64, r-patched-linux-x86_64, r-release-linux-x86_64, r-release-macos-arm64, r-release-macos-x86_64, r-release-windows-x86_64, r-oldrel-macos-arm64, r-oldrel-macos-x86_64, r-oldrel-windows-ix86+x86_64