Last updated on 2023-06-09 07:55:47 CEST.
Flavor | Version | Tinstall | Tcheck | Ttotal | Status | Flags |
---|---|---|---|---|---|---|
r-devel-linux-x86_64-debian-clang | 0.3.0 | 11.36 | 96.72 | 108.08 | NOTE | |
r-devel-linux-x86_64-debian-gcc | 0.3.0 | 10.72 | 73.83 | 84.55 | NOTE | |
r-devel-linux-x86_64-fedora-clang | 0.3.0 | 136.96 | NOTE | |||
r-devel-linux-x86_64-fedora-gcc | 0.3.0 | 131.85 | NOTE | |||
r-devel-windows-x86_64 | 0.3.0 | 11.00 | 86.00 | 97.00 | NOTE | |
r-patched-linux-x86_64 | 0.3.0 | 13.97 | 94.20 | 108.17 | NOTE | |
r-release-linux-x86_64 | 0.3.0 | 9.90 | 93.74 | 103.64 | NOTE | |
r-release-macos-arm64 | 0.3.0 | 42.00 | NOTE | |||
r-release-macos-x86_64 | 0.3.0 | 67.00 | NOTE | |||
r-release-windows-x86_64 | 0.3.0 | 14.00 | 100.00 | 114.00 | NOTE | |
r-oldrel-macos-arm64 | 0.3.0 | 34.00 | NOTE | |||
r-oldrel-macos-x86_64 | 0.3.0 | 67.00 | NOTE | |||
r-oldrel-windows-x86_64 | 0.3.0 | 15.00 | 101.00 | 116.00 | NOTE |
Version: 0.3.0
Check: LazyData
Result: NOTE
'LazyData' is specified without a 'data' directory
Flavors: r-devel-linux-x86_64-debian-clang, r-devel-linux-x86_64-debian-gcc, r-devel-linux-x86_64-fedora-clang, r-devel-linux-x86_64-fedora-gcc, r-devel-windows-x86_64, r-patched-linux-x86_64, r-release-linux-x86_64, r-release-macos-arm64, r-release-macos-x86_64, r-release-windows-x86_64, r-oldrel-macos-arm64, r-oldrel-macos-x86_64, r-oldrel-windows-x86_64