CRAN Package Check Results for Package GCPBayes

Last updated on 2022-01-16 01:07:02 CET.

Flavor Version Tinstall Tcheck Ttotal Status Flags
r-devel-linux-x86_64-debian-clang 3.1.0 4.38 63.82 68.20 OK
r-devel-linux-x86_64-debian-gcc 3.1.0 3.54 51.77 55.31 OK
r-devel-linux-x86_64-fedora-clang 3.1.0 84.36 NOTE
r-devel-linux-x86_64-fedora-gcc 3.1.0 73.07 NOTE
r-devel-windows-x86_64-new-UL 3.1.0 28.00 85.00 113.00 OK
r-devel-windows-x86_64-new-TK 3.1.0 ERROR
r-patched-linux-x86_64 3.1.0 4.31 62.42 66.73 OK
r-release-linux-x86_64 3.1.0 2.65 61.63 64.28 OK
r-release-macos-arm64 3.1.0 NOTE
r-release-macos-x86_64 3.1.0 NOTE
r-release-windows-ix86+x86_64 3.1.0 9.00 77.00 86.00 OK
r-oldrel-macos-x86_64 3.1.0 NOTE
r-oldrel-windows-ix86+x86_64 3.1.0 9.00 76.00 85.00 OK

Check Details

Version: 3.1.0
Check: dependencies in R code
Result: NOTE
    Namespaces in Imports field not imported from:
     ‘Rcpp’ ‘arm’ ‘usethis’
     All declared Imports should be used.
Flavors: r-devel-linux-x86_64-fedora-clang, r-devel-linux-x86_64-fedora-gcc, r-release-macos-arm64, r-release-macos-x86_64, r-oldrel-macos-x86_64

Version: 3.1.0
Check: package dependencies
Result: ERROR
    Package required but not available: 'arm'
    
    See section 'The DESCRIPTION file' in the 'Writing R Extensions'
    manual.
Flavor: r-devel-windows-x86_64-new-TK