CRAN Package Check Results for Package GCPM

Last updated on 2020-07-08 01:49:29 CEST.

Flavor Version Tinstall Tcheck Ttotal Status Flags
r-devel-linux-x86_64-debian-clang 1.2.2 18.24 45.54 63.78 OK
r-devel-linux-x86_64-debian-gcc 1.2.2 14.88 35.60 50.48 OK
r-devel-linux-x86_64-fedora-clang 1.2.2 89.31 NOTE
r-devel-linux-x86_64-fedora-gcc 1.2.2 77.27 NOTE
r-devel-windows-ix86+x86_64 1.2.2 34.00 93.00 127.00 OK
r-patched-linux-x86_64 1.2.2 15.31 45.85 61.16 OK
r-patched-solaris-x86 1.2.2 111.80 OK
r-release-linux-x86_64 1.2.2 16.75 45.73 62.48 OK
r-release-osx-x86_64 1.2.2 OK
r-release-windows-ix86+x86_64 1.2.2 36.00 87.00 123.00 OK
r-oldrel-osx-x86_64 1.2.2 OK
r-oldrel-windows-ix86+x86_64 1.2.2 33.00 134.00 167.00 OK

Check Details

Version: 1.2.2
Check: compiled code
Result: NOTE
    File ‘GCPM/libs/GCPM.so’:
     Found no calls to: ‘R_registerRoutines’, ‘R_useDynamicSymbols’
    
    It is good practice to register native routines and to disable symbol
    search.
    
    See ‘Writing portable packages’ in the ‘Writing R Extensions’ manual.
Flavors: r-devel-linux-x86_64-fedora-clang, r-devel-linux-x86_64-fedora-gcc