CRAN Package Check Results for Package GCPM

Last updated on 2019-12-07 00:53:32 CET.

Flavor Version Tinstall Tcheck Ttotal Status Flags
r-devel-linux-x86_64-debian-clang 1.2.2 16.85 45.41 62.26 OK
r-devel-linux-x86_64-debian-gcc 1.2.2 14.13 35.19 49.32 OK
r-devel-linux-x86_64-fedora-clang 1.2.2 75.67 NOTE
r-devel-linux-x86_64-fedora-gcc 1.2.2 75.09 NOTE
r-devel-windows-ix86+x86_64 1.2.2 36.00 85.00 121.00 OK
r-devel-windows-ix86+x86_64-gcc8 1.2.2 33.00 93.00 126.00 OK
r-patched-linux-x86_64 1.2.2 14.12 42.01 56.13 OK
r-patched-solaris-x86 1.2.2 103.90 OK
r-release-linux-x86_64 1.2.2 14.45 41.14 55.59 OK
r-release-windows-ix86+x86_64 1.2.2 43.00 90.00 133.00 OK
r-release-osx-x86_64 1.2.2 OK
r-oldrel-windows-ix86+x86_64 1.2.2 27.00 85.00 112.00 OK
r-oldrel-osx-x86_64 1.2.2 OK

Check Details

Version: 1.2.2
Check: compiled code
Result: NOTE
    File ‘GCPM/libs/GCPM.so’:
     Found no calls to: ‘R_registerRoutines’, ‘R_useDynamicSymbols’
    
    It is good practice to register native routines and to disable symbol
    search.
    
    See ‘Writing portable packages’ in the ‘Writing R Extensions’ manual.
Flavors: r-devel-linux-x86_64-fedora-clang, r-devel-linux-x86_64-fedora-gcc