CRAN Package Check Results for Package GD

Last updated on 2020-05-29 01:50:09 CEST.

Flavor Version Tinstall Tcheck Ttotal Status Flags
r-devel-linux-x86_64-debian-clang 1.7 3.56 29.19 32.75 OK
r-devel-linux-x86_64-debian-gcc 1.7 3.34 23.15 26.49 OK
r-devel-linux-x86_64-fedora-clang 1.8 47.10 NOTE
r-devel-linux-x86_64-fedora-gcc 1.8 41.41 NOTE
r-devel-windows-ix86+x86_64 1.7 9.00 51.00 60.00 OK
r-patched-linux-x86_64 1.7 3.92 29.71 33.63 OK
r-patched-solaris-x86 1.8 62.10 NOTE
r-release-linux-x86_64 1.7 3.93 29.21 33.14 OK
r-release-osx-x86_64 1.7 OK
r-release-windows-ix86+x86_64 1.7 7.00 41.00 48.00 OK
r-oldrel-osx-x86_64 1.7 OK
r-oldrel-windows-ix86+x86_64 1.7 10.00 41.00 51.00 OK

Check Details

Version: 1.8
Check: dependencies in R code
Result: NOTE
    Namespace in Imports field not imported from: ‘badger’
     All declared Imports should be used.
Flavors: r-devel-linux-x86_64-fedora-clang, r-devel-linux-x86_64-fedora-gcc, r-patched-solaris-x86