CRAN Package Check Results for Package GDINA

Last updated on 2020-05-30 02:02:34 CEST.

Flavor Version Tinstall Tcheck Ttotal Status Flags
r-devel-linux-x86_64-debian-clang 2.8.0 255.97 97.05 353.02 OK
r-devel-linux-x86_64-debian-gcc 2.8.0 188.22 72.57 260.79 OK
r-devel-linux-x86_64-fedora-clang 2.8.0 502.07 NOTE
r-devel-linux-x86_64-fedora-gcc 2.8.0 453.60 OK
r-devel-windows-ix86+x86_64 2.8.0 602.00 199.00 801.00 OK
r-patched-linux-x86_64 2.8.0 200.13 95.32 295.45 OK
r-patched-solaris-x86 2.8.0 370.30 OK
r-release-linux-x86_64 2.8.0 198.15 96.10 294.25 OK
r-release-osx-x86_64 2.8.0 NOTE
r-release-windows-ix86+x86_64 2.8.0 472.00 199.00 671.00 OK
r-oldrel-osx-x86_64 2.8.0 NOTE
r-oldrel-windows-ix86+x86_64 2.8.0 552.00 189.00 741.00 OK

Check Details

Version: 2.8.0
Check: installed package size
Result: NOTE
     installed size is 15.5Mb
     sub-directories of 1Mb or more:
     libs 14.5Mb
Flavors: r-devel-linux-x86_64-fedora-clang, r-release-osx-x86_64, r-oldrel-osx-x86_64