CRAN Package Check Results for Package GENEAclassify

Last updated on 2021-01-28 00:47:23 CET.

Flavor Version Tinstall Tcheck Ttotal Status Flags
r-devel-linux-x86_64-debian-clang 1.5.2 6.90 47.18 54.08 OK
r-devel-linux-x86_64-debian-gcc 1.5.2 OK
r-devel-linux-x86_64-fedora-clang 1.5.2 71.91 NOTE
r-devel-linux-x86_64-fedora-gcc 1.5.2 66.33 OK
r-devel-windows-ix86+x86_64 1.5.2 13.00 74.00 87.00 OK
r-patched-linux-x86_64 1.5.2 6.55 45.15 51.70 OK
r-patched-solaris-x86 1.5.2 91.10 OK
r-release-linux-x86_64 1.5.2 6.16 45.00 51.16 OK
r-release-macos-x86_64 1.5.2 OK
r-release-windows-ix86+x86_64 1.5.2 12.00 53.00 65.00 OK
r-oldrel-macos-x86_64 1.5.2 OK
r-oldrel-windows-ix86+x86_64 1.5.2 10.00 68.00 78.00 OK

Check Details

Version: 1.5.2
Check: Rd cross-references
Result: NOTE
    Undeclared package ‘mmap’ in Rd xrefs
Flavor: r-devel-linux-x86_64-fedora-clang