Last updated on 2023-03-23 06:52:21 CET.
Flavor | Version | Tinstall | Tcheck | Ttotal | Status | Flags |
---|---|---|---|---|---|---|
r-devel-linux-x86_64-debian-clang | 1.1.9 | 104.79 | 134.63 | 239.42 | NOTE | |
r-devel-linux-x86_64-debian-gcc | 1.1.9 | 83.48 | 104.35 | 187.83 | NOTE | |
r-devel-linux-x86_64-fedora-clang | 1.1.9 | 357.33 | NOTE | |||
r-devel-linux-x86_64-fedora-gcc | 1.1.9 | 299.40 | NOTE | |||
r-devel-windows-x86_64 | 1.1.9 | 151.00 | 222.00 | 373.00 | OK | |
r-patched-linux-x86_64 | 1.1.9 | 89.50 | 126.99 | 216.49 | OK | |
r-release-linux-x86_64 | 1.1.9 | 91.88 | 125.47 | 217.35 | OK | |
r-release-macos-arm64 | 1.1.9 | 86.00 | OK | |||
r-release-macos-x86_64 | 1.1.9 | 126.00 | OK | |||
r-release-windows-x86_64 | 1.1.9 | 139.00 | 294.00 | 433.00 | OK | |
r-oldrel-macos-arm64 | 1.1.9 | 76.00 | OK | |||
r-oldrel-macos-x86_64 | 1.1.9 | 124.00 | OK | |||
r-oldrel-windows-ix86+x86_64 | 1.1.9 | 279.00 | 275.00 | 554.00 | OK |
Version: 1.1.9
Check: C++ specification
Result: NOTE
Specified C++11: please drop specification unless essential
Flavors: r-devel-linux-x86_64-debian-clang, r-devel-linux-x86_64-debian-gcc, r-devel-linux-x86_64-fedora-clang, r-devel-linux-x86_64-fedora-gcc