CRAN Package Check Results for Package GGEBiplots

Last updated on 2021-01-15 00:49:19 CET.

Flavor Version Tinstall Tcheck Ttotal Status Flags
r-devel-linux-x86_64-debian-clang 0.1.1 5.44 55.92 61.36 OK
r-devel-linux-x86_64-debian-gcc 0.1.1 4.11 42.15 46.26 OK
r-devel-linux-x86_64-fedora-clang 0.1.1 83.53 NOTE
r-devel-linux-x86_64-fedora-gcc 0.1.1 75.67 NOTE
r-devel-windows-ix86+x86_64 0.1.1 16.00 76.00 92.00 OK
r-patched-linux-x86_64 0.1.1 4.95 52.90 57.85 OK
r-patched-solaris-x86 0.1.1 103.70 NOTE
r-release-linux-x86_64 0.1.1 5.82 53.02 58.84 OK
r-release-macos-x86_64 0.1.1 NOTE
r-release-windows-ix86+x86_64 0.1.1 13.00 61.00 74.00 OK
r-oldrel-macos-x86_64 0.1.1 NOTE
r-oldrel-windows-ix86+x86_64 0.1.1 9.00 54.00 63.00 OK

Check Details

Version: 0.1.1
Check: dependencies in R code
Result: NOTE
    Namespaces in Imports field not imported from:
     ‘GGEBiplotGUI’ ‘gge’ ‘utils’
     All declared Imports should be used.
Flavors: r-devel-linux-x86_64-fedora-clang, r-devel-linux-x86_64-fedora-gcc, r-patched-solaris-x86, r-release-macos-x86_64, r-oldrel-macos-x86_64