CRAN Package Check Results for Package GGEBiplots

Last updated on 2020-10-21 01:47:11 CEST.

Flavor Version Tinstall Tcheck Ttotal Status Flags
r-devel-linux-x86_64-debian-clang 0.1.1 6.33 55.89 62.22 OK
r-devel-linux-x86_64-debian-gcc 0.1.1 4.92 43.06 47.98 OK
r-devel-linux-x86_64-fedora-clang 0.1.1 84.08 NOTE
r-devel-linux-x86_64-fedora-gcc 0.1.1 72.25 NOTE
r-devel-windows-ix86+x86_64 0.1.1 12.00 57.00 69.00 OK
r-patched-linux-x86_64 0.1.1 5.62 51.53 57.15 OK
r-patched-solaris-x86 0.1.1 99.80 NOTE
r-release-linux-x86_64 0.1.1 4.14 52.08 56.22 OK
r-release-macos-x86_64 0.1.1 NOTE
r-release-windows-ix86+x86_64 0.1.1 32.00 76.00 108.00 OK
r-oldrel-macos-x86_64 0.1.1 NOTE
r-oldrel-windows-ix86+x86_64 0.1.1 9.00 53.00 62.00 OK

Check Details

Version: 0.1.1
Check: dependencies in R code
Result: NOTE
    Namespaces in Imports field not imported from:
     ‘GGEBiplotGUI’ ‘gge’ ‘utils’
     All declared Imports should be used.
Flavors: r-devel-linux-x86_64-fedora-clang, r-devel-linux-x86_64-fedora-gcc, r-patched-solaris-x86, r-release-macos-x86_64, r-oldrel-macos-x86_64