CRAN Package Check Results for Package GGIR

Last updated on 2021-09-25 01:50:18 CEST.

Flavor Version Tinstall Tcheck Ttotal Status Flags
r-devel-linux-x86_64-debian-clang 2.4-0 52.74 170.19 222.93 OK
r-devel-linux-x86_64-debian-gcc 2.4-0 39.18 121.98 161.16 OK
r-devel-linux-x86_64-fedora-clang 2.4-0 278.85 NOTE
r-devel-linux-x86_64-fedora-gcc 2.4-0 270.35 OK
r-devel-windows-x86_64 2.4-0 55.00 161.00 216.00 NOTE
r-devel-windows-x86_64-gcc10-UCRT 2.4-0 OK
r-patched-linux-x86_64 2.4-0 51.98 161.43 213.41 OK
r-patched-solaris-x86 2.4-0 277.60 NOTE
r-release-linux-x86_64 2.4-0 43.67 163.34 207.01 OK
r-release-macos-arm64 2.4-0 NOTE
r-release-macos-x86_64 2.4-0 NOTE
r-release-windows-ix86+x86_64 2.4-0 101.00 272.00 373.00 NOTE
r-oldrel-macos-x86_64 2.4-0 NOTE
r-oldrel-windows-ix86+x86_64 2.4-0 75.00 202.00 277.00 NOTE

Check Details

Version: 2.4-0
Check: installed package size
Result: NOTE
     installed size is 6.6Mb
     sub-directories of 1Mb or more:
     doc 3.3Mb
Flavors: r-devel-linux-x86_64-fedora-clang, r-devel-windows-x86_64, r-patched-solaris-x86, r-release-macos-arm64, r-release-macos-x86_64, r-release-windows-ix86+x86_64, r-oldrel-macos-x86_64, r-oldrel-windows-ix86+x86_64