CRAN Package Check Results for Package GGally

Last updated on 2020-06-02 01:55:31 CEST.

Flavor Version Tinstall Tcheck Ttotal Status Flags
r-devel-linux-x86_64-debian-clang 1.5.0 10.49 205.98 216.47 WARN
r-devel-linux-x86_64-debian-gcc 1.5.0 8.74 145.23 153.97 WARN
r-devel-linux-x86_64-fedora-clang 1.5.0 250.94 WARN
r-devel-linux-x86_64-fedora-gcc 1.5.0 274.90 WARN
r-devel-windows-ix86+x86_64 1.5.0 35.00 289.00 324.00 WARN
r-patched-linux-x86_64 1.5.0 10.79 2.22 13.01 ERROR
r-patched-solaris-x86 1.5.0 21.80 ERROR
r-release-linux-x86_64 1.5.0 12.41 2.42 14.83 ERROR
r-release-osx-x86_64 1.5.0 OK
r-release-windows-ix86+x86_64 1.5.0 22.00 213.00 235.00 OK
r-oldrel-osx-x86_64 1.5.0 OK
r-oldrel-windows-ix86+x86_64 1.5.0 20.00 242.00 262.00 OK

Check Details

Version: 1.5.0
Check: package dependencies
Result: WARN
    Skipping vignette re-building
    Package suggested but not available for checking: 'packagedocs'
    
    VignetteBuilder package required for checking but not installed: 'packagedocs'
Flavors: r-devel-linux-x86_64-debian-clang, r-devel-linux-x86_64-debian-gcc, r-devel-linux-x86_64-fedora-clang, r-devel-linux-x86_64-fedora-gcc

Version: 1.5.0
Check: index information
Result: WARN
    Warning in extract_lang(f = comp_lang, y = quote(if (.isMethodsDispatchOn() && :
     devtools is incompatible with the current version of R. `load_all()` may function incorrectly.
    See sections 'The INDEX file' and 'Package subdirectories' in the
    'Writing R Extensions' manual.
Flavor: r-devel-windows-ix86+x86_64

Version: 1.5.0
Check: for unstated dependencies in vignettes
Result: NOTE
    Warning in extract_lang(f = comp_lang, y = quote(if (.isMethodsDispatchOn() && :
     devtools is incompatible with the current version of R. `load_all()` may function incorrectly.
Flavor: r-devel-windows-ix86+x86_64

Version: 1.5.0
Check: package dependencies
Result: ERROR
    Package suggested but not available for checking: ‘packagedocs’
    
    VignetteBuilder package required for checking but not installed: ‘packagedocs’
    
    See section ‘The DESCRIPTION file’ in the ‘Writing R Extensions’
    manual.
Flavors: r-patched-linux-x86_64, r-patched-solaris-x86, r-release-linux-x86_64