CRAN Package Check Results for Package GHap

Last updated on 2021-06-24 01:50:21 CEST.

Flavor Version Tinstall Tcheck Ttotal Status Flags
r-devel-linux-x86_64-debian-clang 2.0.0 16.22 103.57 119.79 OK
r-devel-linux-x86_64-debian-gcc 2.0.0 12.04 75.44 87.48 OK
r-devel-linux-x86_64-fedora-clang 2.0.0 149.09 NOTE
r-devel-linux-x86_64-fedora-gcc 2.0.0 138.40 NOTE
r-devel-windows-x86_64 2.0.0 21.00 123.00 144.00 OK
r-devel-windows-x86_64-gcc10-UCRT 2.0.0 NOTE
r-patched-linux-x86_64 2.0.0 17.83 96.31 114.14 OK
r-patched-solaris-x86 2.0.0 186.00 NOTE
r-release-linux-x86_64 2.0.0 12.84 97.24 110.08 OK
r-release-macos-arm64 2.0.0 NOTE
r-release-macos-x86_64 2.0.0 NOTE
r-release-windows-ix86+x86_64 2.0.0 20.00 104.00 124.00 OK
r-oldrel-macos-x86_64 2.0.0 NOTE

Check Details

Version: 2.0.0
Check: dependencies in R code
Result: NOTE
    Namespace in Imports field not imported from: ‘class’
     All declared Imports should be used.
Flavors: r-devel-linux-x86_64-fedora-clang, r-devel-linux-x86_64-fedora-gcc, r-devel-windows-x86_64-gcc10-UCRT, r-patched-solaris-x86, r-release-macos-arm64, r-release-macos-x86_64, r-oldrel-macos-x86_64