CRAN Package Check Results for Package GIFT

Last updated on 2023-10-01 08:52:00 CEST.

Flavor Version Tinstall Tcheck Ttotal Status Flags
r-devel-linux-x86_64-debian-clang 1.2.0 19.13 197.26 216.39 OK
r-devel-linux-x86_64-debian-gcc 1.2.0 14.92 145.31 160.23 OK
r-devel-linux-x86_64-fedora-clang 1.2.0 256.62 NOTE
r-devel-linux-x86_64-fedora-gcc 1.2.0 271.54 OK
r-devel-windows-x86_64 1.2.0 16.00 173.00 189.00 NOTE
r-patched-linux-x86_64 1.2.0 11.81 184.97 196.78 OK
r-release-linux-x86_64 1.2.0 12.68 185.38 198.06 OK
r-release-macos-arm64 1.2.0 268.00 NOTE
r-release-macos-x86_64 1.2.0 348.00 NOTE
r-release-windows-x86_64 1.2.0 20.00 205.00 225.00 NOTE
r-oldrel-macos-arm64 1.2.0 271.00 NOTE
r-oldrel-macos-x86_64 1.2.0 333.00 NOTE
r-oldrel-windows-x86_64 1.2.0 24.00 208.00 232.00 NOTE

Check Details

Version: 1.2.0
Check: installed package size
Result: NOTE
     installed size is 6.1Mb
     sub-directories of 1Mb or more:
     doc 3.3Mb
     help 2.5Mb
Flavors: r-devel-linux-x86_64-fedora-clang, r-devel-windows-x86_64, r-release-macos-arm64, r-release-macos-x86_64, r-release-windows-x86_64, r-oldrel-macos-arm64, r-oldrel-macos-x86_64, r-oldrel-windows-x86_64