CRAN Package Check Results for Package GIGrvg

Last updated on 2023-09-24 08:58:19 CEST.

Flavor Version Tinstall Tcheck Ttotal Status Flags
r-devel-linux-x86_64-debian-clang 0.8 2.71 23.09 25.80 OK
r-devel-linux-x86_64-debian-gcc 0.8 2.10 18.38 20.48 OK
r-devel-linux-x86_64-fedora-clang 0.8 33.05 NOTE
r-devel-linux-x86_64-fedora-gcc 0.8 32.10 OK
r-devel-windows-x86_64 0.8 9.00 47.00 56.00 OK
r-patched-linux-x86_64 0.8 2.59 22.64 25.23 OK
r-release-linux-x86_64 0.8 2.73 22.38 25.11 OK
r-release-macos-arm64 0.8 17.00 OK
r-release-macos-x86_64 0.8 23.00 OK
r-release-windows-x86_64 0.8 5.00 52.00 57.00 OK
r-oldrel-macos-arm64 0.8 20.00 OK
r-oldrel-macos-x86_64 0.8 26.00 OK
r-oldrel-windows-x86_64 0.8 16.00 49.00 65.00 OK

Check Details

Version: 0.8
Check: Rd cross-references
Result: NOTE
    Undeclared package ‘Runuran’ in Rd xrefs
Flavor: r-devel-linux-x86_64-fedora-clang