CRAN Package Check Results for Package GIGrvg

Last updated on 2021-03-05 00:48:38 CET.

Flavor Version Tinstall Tcheck Ttotal Status Flags
r-devel-linux-x86_64-debian-clang 0.5 2.57 22.60 25.17 OK
r-devel-linux-x86_64-debian-gcc 0.5 1.93 17.81 19.74 OK
r-devel-linux-x86_64-fedora-clang 0.5 40.93 NOTE
r-devel-linux-x86_64-fedora-gcc 0.5 30.52 OK
r-devel-windows-ix86+x86_64 0.5 7.00 43.00 50.00 OK
r-patched-linux-x86_64 0.5 OK
r-patched-solaris-x86 0.5 46.30 OK
r-release-linux-x86_64 0.5 2.64 22.03 24.67 OK
r-release-macos-x86_64 0.5 OK
r-release-windows-ix86+x86_64 0.5 7.00 44.00 51.00 OK
r-oldrel-macos-x86_64 0.5 OK
r-oldrel-windows-ix86+x86_64 0.5 8.00 54.00 62.00 OK

Check Details

Version: 0.5
Check: Rd cross-references
Result: NOTE
    Undeclared packages ‘Runuran’, ‘ghyp’ in Rd xrefs
Flavor: r-devel-linux-x86_64-fedora-clang