Last updated on 2023-01-27 00:51:03 CET.
Flavor | Version | Tinstall | Tcheck | Ttotal | Status | Flags |
---|---|---|---|---|---|---|
r-devel-linux-x86_64-debian-clang | 1.4 | 33.73 | 212.10 | 245.83 | OK | |
r-devel-linux-x86_64-debian-gcc | 1.4 | 26.04 | 150.23 | 176.27 | OK | |
r-devel-linux-x86_64-fedora-clang | 1.4 | 332.69 | OK | |||
r-devel-linux-x86_64-fedora-gcc | 1.4 | 310.06 | OK | |||
r-devel-windows-x86_64 | 1.4 | 71.00 | 337.00 | 408.00 | OK | |
r-patched-linux-x86_64 | 1.4 | 33.14 | 200.63 | 233.77 | OK | |
r-release-linux-x86_64 | 1.4 | 33.17 | 196.85 | 230.02 | OK | |
r-release-macos-arm64 | 1.4 | 85.00 | OK | |||
r-release-macos-x86_64 | 1.4 | 120.00 | OK | |||
r-release-windows-x86_64 | 1.4 | 52.00 | 349.00 | 401.00 | OK | |
r-oldrel-macos-arm64 | 1.4 | 94.00 | NOTE | |||
r-oldrel-macos-x86_64 | 1.4 | 181.00 | OK | |||
r-oldrel-windows-ix86+x86_64 | 1.4 | 90.00 | 404.00 | 494.00 | OK |
Version: 1.4
Check: installed package size
Result: NOTE
installed size is 5.2Mb
sub-directories of 1Mb or more:
data 1.2Mb
doc 1.1Mb
libs 2.5Mb
Flavor: r-oldrel-macos-arm64