CRAN Package Check Results for Package GMDH2

Last updated on 2022-07-03 01:48:55 CEST.

Flavor Version Tinstall Tcheck Ttotal Status Flags
r-devel-linux-x86_64-debian-clang 1.6 12.90 125.02 137.92 OK
r-devel-linux-x86_64-debian-gcc 1.6 10.38 92.33 102.71 OK
r-devel-linux-x86_64-fedora-clang 1.6 176.02 NOTE
r-devel-linux-x86_64-fedora-gcc 1.6 173.63 OK
r-devel-windows-x86_64 1.6 18.00 142.00 160.00 OK
r-patched-linux-x86_64 1.6 12.86 117.42 130.28 OK
r-release-linux-x86_64 1.6 14.20 116.85 131.05 OK
r-release-macos-arm64 1.6 42.00 OK
r-release-macos-x86_64 1.6 81.00 OK
r-release-windows-x86_64 1.6 15.00 144.00 159.00 OK
r-oldrel-macos-arm64 1.6 50.00 OK
r-oldrel-macos-x86_64 1.6 90.00 OK
r-oldrel-windows-ix86+x86_64 1.6 33.00 141.00 174.00 OK

Check Details

Version: 1.6
Check: Rd cross-references
Result: NOTE
    Undeclared package ‘caret’ in Rd xrefs
Flavor: r-devel-linux-x86_64-fedora-clang