Last updated on 2021-01-26 00:47:39 CET.
Flavor | Version | Tinstall | Tcheck | Ttotal | Status | Flags |
---|---|---|---|---|---|---|
r-devel-linux-x86_64-debian-clang | 0.6.0.4 | 16.95 | 84.92 | 101.87 | OK | |
r-devel-linux-x86_64-debian-gcc | 0.6.0.4 | 11.31 | 63.45 | 74.76 | OK | |
r-devel-linux-x86_64-fedora-clang | 0.6.0.4 | 130.09 | OK | |||
r-devel-linux-x86_64-fedora-gcc | 0.6.0.4 | 124.24 | OK | |||
r-devel-windows-ix86+x86_64 | 0.6.0.4 | 34.00 | 114.00 | 148.00 | ERROR | |
r-patched-linux-x86_64 | 0.6.0.4 | 12.75 | 80.37 | 93.12 | OK | |
r-patched-solaris-x86 | 0.6.0.4 | 161.60 | OK | |||
r-release-linux-x86_64 | 0.6.0.4 | 12.46 | 79.31 | 91.77 | OK | |
r-release-macos-x86_64 | 0.6.0.4 | OK | ||||
r-release-windows-ix86+x86_64 | 0.6.0.4 | 33.00 | 85.00 | 118.00 | ERROR | |
r-oldrel-macos-x86_64 | 0.6.0.4 | OK | ||||
r-oldrel-windows-ix86+x86_64 | 0.6.0.4 | 25.00 | 91.00 | 116.00 | OK |
Version: 0.6.0.4
Check: running tests for arch ‘i386’
Result: ERROR
Running 'testthat.R' [2s]
Running the tests in 'tests/testthat.R' failed.
Complete output:
> library("testthat")
> library("GMSE")
>
> test_check("GMSE")
Flavors: r-devel-windows-ix86+x86_64, r-release-windows-ix86+x86_64