Last updated on 2023-02-06 00:52:32 CET.
Flavor | Version | Tinstall | Tcheck | Ttotal | Status | Flags |
---|---|---|---|---|---|---|
r-devel-linux-x86_64-debian-clang | 1.2.6 | 198.95 | 424.27 | 623.22 | OK | |
r-devel-linux-x86_64-debian-gcc | 1.2.6 | 175.10 | 304.12 | 479.22 | OK | |
r-devel-linux-x86_64-fedora-clang | 1.2.6 | 919.97 | NOTE | |||
r-devel-linux-x86_64-fedora-gcc | 1.2.6 | 828.80 | OK | |||
r-devel-windows-x86_64 | 1.2.6 | 236.00 | 462.00 | 698.00 | NOTE | |
r-patched-linux-x86_64 | 1.2.6 | 166.69 | 389.35 | 556.04 | OK | |
r-release-linux-x86_64 | 1.2.6 | 137.05 | 394.52 | 531.57 | OK | |
r-release-macos-arm64 | 1.2.6 | 221.00 | NOTE | |||
r-release-macos-x86_64 | 1.2.6 | 339.00 | NOTE | |||
r-release-windows-x86_64 | 1.2.6 | 208.00 | 467.00 | 675.00 | NOTE | |
r-oldrel-macos-arm64 | 1.2.6 | 162.00 | NOTE | |||
r-oldrel-macos-x86_64 | 1.2.6 | 324.00 | NOTE | |||
r-oldrel-windows-ix86+x86_64 | 1.2.6 | 337.00 | 460.00 | 797.00 | NOTE |
Version: 1.2.6
Check: installed package size
Result: NOTE
installed size is 6.6Mb
sub-directories of 1Mb or more:
R 6.1Mb
Flavors: r-devel-linux-x86_64-fedora-clang, r-devel-windows-x86_64, r-release-macos-arm64, r-release-macos-x86_64, r-release-windows-x86_64, r-oldrel-macos-arm64, r-oldrel-macos-x86_64, r-oldrel-windows-ix86+x86_64