CRAN Package Check Results for Package GRANBase

Last updated on 2020-04-03 01:49:18 CEST.

Flavor Version Tinstall Tcheck Ttotal Status Flags
r-devel-linux-x86_64-debian-clang 2.6.20 10.33 202.36 212.69 OK
r-devel-linux-x86_64-debian-gcc 2.6.20 8.47 151.01 159.48 OK
r-devel-linux-x86_64-fedora-clang 2.6.20 253.98 OK
r-devel-linux-x86_64-fedora-gcc 2.6.20 243.81 OK
r-devel-windows-ix86+x86_64 2.6.20 23.00 172.00 195.00 OK
r-devel-windows-ix86+x86_64-gcc8 2.6.20 19.00 171.00 190.00 OK
r-patched-linux-x86_64 2.6.20 10.08 69.41 79.49 WARN
r-patched-solaris-x86 2.6.20 166.00 OK
r-release-linux-x86_64 2.6.20 8.89 173.07 181.96 OK
r-release-windows-ix86+x86_64 2.6.20 20.00 345.00 365.00 OK
r-release-osx-x86_64 2.6.20 OK
r-oldrel-windows-ix86+x86_64 2.6.20 14.00 304.00 318.00 OK
r-oldrel-osx-x86_64 2.6.20 OK

Check Details

Version: 2.6.20
Check: S3 generic/method consistency
Result: WARN
    Error in readLines(con) :
     cannot open the connection to 'http://bioconductor.org/config.yaml'
    Calls: <Anonymous> -> unique -> .get_S3_generics_as_seen_from_package
    Execution halted
    See section ‘Generic functions and methods’ in the ‘Writing R
    Extensions’ manual.
Flavor: r-patched-linux-x86_64

Version: 2.6.20
Check: Rd \usage sections
Result: NOTE
    Error in readLines(con) :
     cannot open the connection to 'http://bioconductor.org/config.yaml'
    Calls: <Anonymous> -> unique -> .get_S3_generics_as_seen_from_package
    Execution halted
    The \usage entries for S3 methods should use the \method markup and not
    their full name.
    See chapter ‘Writing R documentation files’ in the ‘Writing R
    Extensions’ manual.
Flavor: r-patched-linux-x86_64