Last updated on 2023-03-25 07:02:21 CET.
Flavor | Version | Tinstall | Tcheck | Ttotal | Status | Flags |
---|---|---|---|---|---|---|
r-devel-linux-x86_64-debian-clang | 1.3 | 2.69 | 44.45 | 47.14 | NOTE | |
r-devel-linux-x86_64-debian-gcc | 1.3 | 3.11 | 33.67 | 36.78 | NOTE | |
r-devel-linux-x86_64-fedora-clang | 1.3 | 61.82 | NOTE | |||
r-devel-linux-x86_64-fedora-gcc | 1.3 | 56.96 | NOTE | |||
r-devel-windows-x86_64 | 1.3 | 13.00 | 68.00 | 81.00 | NOTE | |
r-patched-linux-x86_64 | 1.3 | 3.54 | 45.72 | 49.26 | NOTE | |
r-release-linux-x86_64 | 1.3 | 4.09 | 44.64 | 48.73 | NOTE | |
r-release-macos-arm64 | 1.3 | 22.00 | OK | |||
r-release-macos-x86_64 | 1.3 | 28.00 | OK | |||
r-release-windows-x86_64 | 1.3 | 7.00 | 64.00 | 71.00 | OK | |
r-oldrel-macos-arm64 | 1.3 | 21.00 | OK | |||
r-oldrel-macos-x86_64 | 1.3 | 39.00 | OK | |||
r-oldrel-windows-ix86+x86_64 | 1.3 | 7.00 | 58.00 | 65.00 | OK |
Version: 1.3
Check: Rd files
Result: NOTE
checkRd: (-1) fmddisc.Rd:23: Escaped LaTeX specials: \_
checkRd: (-1) schuster.Rd:46: Escaped LaTeX specials: \_
checkRd: (-1) schuster.Rd:54: Escaped LaTeX specials: \&
Flavors: r-devel-linux-x86_64-debian-clang, r-devel-linux-x86_64-debian-gcc, r-devel-linux-x86_64-fedora-clang, r-devel-linux-x86_64-fedora-gcc, r-devel-windows-x86_64
Version: 1.3
Check: for non-standard things in the check directory
Result: NOTE
Found the following files/directories:
‘FMD mag discontinuities_disc.png’ ‘FMD mag
discontinuities_disc1.res’ ‘FMD mag discontinuities_disc2.res’
‘IDYLLWILD_bvmed.png’ ‘IDYLLWILD_fig.png’ ‘Schuster's
diagram_schu.png’ ‘hour.res’
Flavors: r-devel-linux-x86_64-debian-clang, r-devel-linux-x86_64-debian-gcc, r-devel-linux-x86_64-fedora-clang, r-devel-linux-x86_64-fedora-gcc, r-patched-linux-x86_64, r-release-linux-x86_64