Last updated on 2023-02-07 00:54:19 CET.
Flavor | Version | Tinstall | Tcheck | Ttotal | Status | Flags |
---|---|---|---|---|---|---|
r-devel-linux-x86_64-debian-clang | 4.2-1 | 99.53 | 82.16 | 181.69 | OK | |
r-devel-linux-x86_64-debian-gcc | 4.2-1 | 76.03 | 60.86 | 136.89 | OK | |
r-devel-linux-x86_64-fedora-clang | 4.2-1 | 252.20 | OK | |||
r-devel-linux-x86_64-fedora-gcc | 4.2-1 | 229.28 | OK | |||
r-devel-windows-x86_64 | 4.2-1 | 85.00 | 133.00 | 218.00 | OK | |
r-patched-linux-x86_64 | 4.2-1 | 75.59 | 78.48 | 154.07 | OK | |
r-release-linux-x86_64 | 4.2-1 | 74.58 | 77.04 | 151.62 | OK | |
r-release-macos-arm64 | 4.2-1 | 61.00 | NOTE | |||
r-release-macos-x86_64 | 4.2-1 | 81.00 | OK | |||
r-release-windows-x86_64 | 4.2-1 | 93.00 | 149.00 | 242.00 | OK | |
r-oldrel-macos-arm64 | 4.2-1 | 65.00 | NOTE | |||
r-oldrel-macos-x86_64 | 4.2-1 | 83.00 | OK | |||
r-oldrel-windows-ix86+x86_64 | 4.2-1 | 221.00 | 146.00 | 367.00 | OK |
Version: 4.2-1
Check: installed package size
Result: NOTE
installed size is 5.2Mb
sub-directories of 1Mb or more:
libs 4.7Mb
Flavors: r-release-macos-arm64, r-oldrel-macos-arm64