CRAN Package Check Results for Package GUTS

Last updated on 2023-01-30 01:53:34 CET.

Flavor Version Tinstall Tcheck Ttotal Status Flags
r-devel-linux-x86_64-debian-clang 1.2.3 33.75 57.84 91.59 NOTE
r-devel-linux-x86_64-debian-gcc 1.2.3 27.04 44.99 72.03 NOTE
r-devel-linux-x86_64-fedora-clang 1.2.3 132.59 NOTE
r-devel-linux-x86_64-fedora-gcc 1.2.3 129.85 NOTE
r-devel-windows-x86_64 1.2.3 51.00 115.00 166.00 NOTE
r-patched-linux-x86_64 1.2.3 27.34 57.10 84.44 OK
r-release-linux-x86_64 1.2.3 26.08 54.59 80.67 OK
r-release-macos-arm64 1.2.3 38.00 NOTE
r-release-macos-x86_64 1.2.3 242.00 NOTE
r-release-windows-x86_64 1.2.3 47.00 119.00 166.00 OK
r-oldrel-macos-arm64 1.2.3 47.00 NOTE
r-oldrel-macos-x86_64 1.2.3 72.00 NOTE
r-oldrel-windows-ix86+x86_64 1.2.3 80.00 113.00 193.00 NOTE

Check Details

Version: 1.2.3
Check: Rd files
Result: NOTE
    checkRd: (-1) GUTS-package.Rd:39: Escaped LaTeX specials: \&
    checkRd: (-1) GUTS.Rd:201: Escaped LaTeX specials: \&
    checkRd: (-1) GUTS.Rd:209: Escaped LaTeX specials: \&
Flavors: r-devel-linux-x86_64-debian-clang, r-devel-linux-x86_64-debian-gcc, r-devel-linux-x86_64-fedora-clang, r-devel-linux-x86_64-fedora-gcc, r-devel-windows-x86_64

Version: 1.2.3
Check: installed package size
Result: NOTE
     installed size is 5.9Mb
     sub-directories of 1Mb or more:
     extdata 2.5Mb
     libs 2.4Mb
Flavors: r-release-macos-arm64, r-release-macos-x86_64, r-oldrel-macos-arm64, r-oldrel-macos-x86_64, r-oldrel-windows-ix86+x86_64