CRAN Package Check Results for Package GUTS

Last updated on 2020-07-14 02:06:54 CEST.

Flavor Version Tinstall Tcheck Ttotal Status Flags
r-devel-linux-x86_64-debian-clang 1.1.1 20.62 53.07 73.69 OK
r-devel-linux-x86_64-debian-gcc 1.1.1 16.96 41.01 57.97 OK
r-devel-linux-x86_64-fedora-clang 1.1.1 102.95 OK
r-devel-linux-x86_64-fedora-gcc 1.1.1 96.60 OK
r-devel-windows-ix86+x86_64 1.1.1 61.00 97.00 158.00 OK
r-patched-linux-x86_64 1.1.1 18.82 52.20 71.02 OK
r-patched-solaris-x86 1.1.1 122.30 OK
r-release-linux-x86_64 1.1.1 17.68 53.26 70.94 OK
r-release-macos-x86_64 1.1.1 ERROR
r-release-windows-ix86+x86_64 1.1.1 61.00 108.00 169.00 OK
r-oldrel-macos-x86_64 1.1.1 OK
r-oldrel-windows-ix86+x86_64 1.1.1 63.00 102.00 165.00 OK

Check Details

Version: 1.1.1
Check: whether package can be installed
Result: ERROR
    Installation failed.
Flavor: r-release-macos-x86_64