Last updated on 2019-12-14 00:54:06 CET.
Flavor | Version | Tinstall | Tcheck | Ttotal | Status | Flags |
---|---|---|---|---|---|---|
r-devel-linux-x86_64-debian-clang | 2.1-3 | 58.73 | 156.16 | 214.89 | OK | |
r-devel-linux-x86_64-debian-gcc | 2.1-3 | 45.61 | 121.56 | 167.17 | OK | |
r-devel-linux-x86_64-fedora-clang | 2.1-3 | 294.29 | NOTE | |||
r-devel-linux-x86_64-fedora-gcc | 2.1-3 | 266.43 | OK | |||
r-devel-windows-ix86+x86_64 | 2.1-3 | 105.00 | 227.00 | 332.00 | OK | |
r-devel-windows-ix86+x86_64-gcc8 | 2.1-3 | 127.00 | 347.00 | 474.00 | OK | |
r-patched-linux-x86_64 | 2.1-3 | 45.95 | 140.32 | 186.27 | OK | |
r-patched-solaris-x86 | 2.1-3 | 321.70 | OK | |||
r-release-linux-x86_64 | 2.1-3 | 47.13 | 140.61 | 187.74 | OK | |
r-release-windows-ix86+x86_64 | 2.1-3 | 91.00 | 210.00 | 301.00 | OK | |
r-release-osx-x86_64 | 2.1-3 | NOTE | ||||
r-oldrel-windows-ix86+x86_64 | 2.1-3 | 87.00 | 185.00 | 272.00 | OK | |
r-oldrel-osx-x86_64 | 2.1-3 | NOTE |
Version: 2.1-3
Check: installed package size
Result: NOTE
installed size is 5.5Mb
sub-directories of 1Mb or more:
data 1.5Mb
libs 3.2Mb
Flavors: r-devel-linux-x86_64-fedora-clang, r-release-osx-x86_64, r-oldrel-osx-x86_64