CRAN Package Check Results for Package GWmodel

Last updated on 2022-09-26 01:52:47 CEST.

Flavor Version Tinstall Tcheck Ttotal Status Flags
r-devel-linux-x86_64-debian-clang 2.2-9 72.58 223.14 295.72 OK
r-devel-linux-x86_64-debian-gcc 2.2-9 60.05 161.32 221.37 OK
r-devel-linux-x86_64-fedora-clang 2.2-9 391.73 OK
r-devel-linux-x86_64-fedora-gcc 2.2-9 373.29 OK
r-devel-windows-x86_64 2.2-9 84.00 288.00 372.00 OK
r-patched-linux-x86_64 2.2-9 67.71 208.23 275.94 OK
r-release-linux-x86_64 2.2-9 61.98 209.40 271.38 OK
r-release-macos-arm64 2.2-9 144.00 NOTE
r-release-macos-x86_64 2.2-9 192.00 NOTE
r-release-windows-x86_64 2.2-9 212.00 284.00 496.00 OK
r-oldrel-macos-arm64 2.2-9 118.00 NOTE
r-oldrel-macos-x86_64 2.2-9 181.00 NOTE
r-oldrel-windows-ix86+x86_64 2.2-9 180.00 332.00 512.00 NOTE

Check Details

Version: 2.2-9
Check: installed package size
Result: NOTE
     installed size is 7.0Mb
     sub-directories of 1Mb or more:
     data 1.5Mb
     libs 4.7Mb
Flavors: r-release-macos-arm64, r-release-macos-x86_64, r-oldrel-macos-arm64, r-oldrel-macos-x86_64, r-oldrel-windows-ix86+x86_64