Last updated on 2023-01-30 01:53:33 CET.
Flavor | Version | Tinstall | Tcheck | Ttotal | Status | Flags |
---|---|---|---|---|---|---|
r-devel-linux-x86_64-debian-clang | 1.0.2 | 35.65 | 357.92 | 393.57 | OK | |
r-devel-linux-x86_64-debian-gcc | 1.0.2 | 33.15 | 258.16 | 291.31 | OK | |
r-devel-linux-x86_64-fedora-clang | 1.0.2 | 508.52 | NOTE | |||
r-devel-linux-x86_64-fedora-gcc | 1.0.2 | 478.80 | NOTE | |||
r-devel-windows-x86_64 | 1.0.2 | 74.00 | 352.00 | 426.00 | OK | |
r-patched-linux-x86_64 | 1.0.2 | 25.07 | 340.30 | 365.37 | OK | |
r-release-linux-x86_64 | 1.0.2 | 25.73 | 347.79 | 373.52 | OK | |
r-release-macos-arm64 | 1.0.2 | 115.00 | NOTE | |||
r-release-macos-x86_64 | 1.0.2 | 197.00 | NOTE | |||
r-release-windows-x86_64 | 1.0.2 | 65.00 | 362.00 | 427.00 | OK | |
r-oldrel-macos-arm64 | 1.0.2 | 89.00 | NOTE | |||
r-oldrel-macos-x86_64 | 1.0.2 | 102.00 | NOTE | |||
r-oldrel-windows-ix86+x86_64 | 1.0.2 | 83.00 | 348.00 | 431.00 | OK |
Version: 1.0.2
Check: data for non-ASCII characters
Result: NOTE
Note: found 2 marked UTF-8 strings
Flavors: r-devel-linux-x86_64-fedora-clang, r-devel-linux-x86_64-fedora-gcc, r-release-macos-arm64, r-release-macos-x86_64, r-oldrel-macos-arm64, r-oldrel-macos-x86_64