CRAN Package Check Results for Package GenAlgo

Last updated on 2022-09-29 01:50:45 CEST.

Flavor Version Tinstall Tcheck Ttotal Status Flags
r-devel-linux-x86_64-debian-clang 2.2.0 3.27 43.29 46.56 OK
r-devel-linux-x86_64-debian-gcc 2.2.0 2.42 33.84 36.26 OK
r-devel-linux-x86_64-fedora-clang 2.2.0 72.34 NOTE
r-devel-linux-x86_64-fedora-gcc 2.2.0 72.31 NOTE
r-devel-windows-x86_64 2.2.0 16.00 88.00 104.00 OK
r-patched-linux-x86_64 2.2.0 3.50 42.34 45.84 OK
r-release-linux-x86_64 2.2.0 2.79 42.67 45.46 OK
r-release-macos-arm64 2.2.0 26.00 NOTE
r-release-macos-x86_64 2.2.0 36.00 NOTE
r-release-windows-x86_64 2.2.0 17.00 89.00 106.00 OK
r-oldrel-macos-arm64 2.2.0 34.00 NOTE
r-oldrel-macos-x86_64 2.2.0 46.00 NOTE
r-oldrel-windows-ix86+x86_64 2.2.0 9.00 77.00 86.00 OK

Check Details

Version: 2.2.0
Check: data for non-ASCII characters
Result: NOTE
     Note: found 17 marked UTF-8 strings
Flavors: r-devel-linux-x86_64-fedora-clang, r-devel-linux-x86_64-fedora-gcc, r-release-macos-arm64, r-release-macos-x86_64, r-oldrel-macos-arm64, r-oldrel-macos-x86_64