CRAN Package Check Results for Package GenEst

Last updated on 2022-08-15 02:53:43 CEST.

Flavor Version Tinstall Tcheck Ttotal Status Flags
r-devel-linux-x86_64-debian-clang 1.4.6 38.80 268.52 307.32 OK
r-devel-linux-x86_64-debian-gcc 1.4.6 34.62 192.82 227.44 OK
r-devel-linux-x86_64-fedora-clang 1.4.6 378.52 NOTE
r-devel-linux-x86_64-fedora-gcc 1.4.6 381.57 NOTE
r-devel-windows-x86_64 1.4.6 103.00 301.00 404.00 OK
r-patched-linux-x86_64 1.4.6 37.93 249.40 287.33 OK
r-release-linux-x86_64 1.4.6 31.25 252.20 283.45 OK
r-release-macos-arm64 1.4.6 98.00 NOTE
r-release-macos-x86_64 1.4.6 200.00 NOTE
r-release-windows-x86_64 1.4.6 98.00 299.00 397.00 OK
r-oldrel-macos-arm64 1.4.6 98.00 NOTE
r-oldrel-macos-x86_64 1.4.6 130.00 NOTE
r-oldrel-windows-ix86+x86_64 1.4.6 83.00 357.00 440.00 OK

Check Details

Version: 1.4.6
Check: dependencies in R code
Result: NOTE
    Namespace in Imports field not imported from: ‘htmlwidgets’
     All declared Imports should be used.
Flavors: r-devel-linux-x86_64-fedora-clang, r-devel-linux-x86_64-fedora-gcc, r-release-macos-arm64, r-release-macos-x86_64, r-oldrel-macos-arm64, r-oldrel-macos-x86_64