CRAN Package Check Results for Package GenEst

Last updated on 2020-09-22 02:17:20 CEST.

Flavor Version Tinstall Tcheck Ttotal Status Flags
r-devel-linux-x86_64-debian-clang 1.4.4 36.80 249.56 286.36 OK
r-devel-linux-x86_64-debian-gcc 1.4.4 30.91 187.18 218.09 OK
r-devel-linux-x86_64-fedora-clang 1.4.4 361.10 NOTE
r-devel-linux-x86_64-fedora-gcc 1.4.4 383.29 NOTE
r-devel-windows-ix86+x86_64 1.4.4 83.00 387.00 470.00 OK
r-patched-linux-x86_64 1.4.4 36.82 245.20 282.02 OK
r-patched-solaris-x86 1.4.4 451.80 NOTE
r-release-linux-x86_64 1.4.4 34.03 247.61 281.64 OK
r-release-macos-x86_64 1.4.4 NOTE
r-release-windows-ix86+x86_64 1.4.4 81.00 378.00 459.00 OK
r-oldrel-macos-x86_64 1.4.4 NOTE
r-oldrel-windows-ix86+x86_64 1.4.4 50.00 322.00 372.00 OK

Check Details

Version: 1.4.4
Check: dependencies in R code
Result: NOTE
    Namespace in Imports field not imported from: ‘htmlwidgets’
     All declared Imports should be used.
Flavors: r-devel-linux-x86_64-fedora-clang, r-devel-linux-x86_64-fedora-gcc, r-patched-solaris-x86, r-release-macos-x86_64, r-oldrel-macos-x86_64