CRAN Package Check Results for Package GeneralizedUmatrix

Last updated on 2020-08-13 01:55:05 CEST.

Flavor Version Tinstall Tcheck Ttotal Status Flags
r-devel-linux-x86_64-debian-clang 1.1.9 58.21 137.97 196.18 ERROR
r-devel-linux-x86_64-debian-gcc 1.1.9 40.96 103.90 144.86 OK
r-devel-linux-x86_64-fedora-clang 1.1.9 263.10 OK
r-devel-linux-x86_64-fedora-gcc 1.1.9 242.60 OK
r-devel-windows-ix86+x86_64 1.1.9 118.00 278.00 396.00 OK
r-patched-linux-x86_64 1.1.9 42.23 138.09 180.32 OK
r-patched-solaris-x86 1.1.9 250.00 OK
r-release-linux-x86_64 1.1.9 42.67 132.24 174.91 ERROR
r-release-macos-x86_64 1.1.9 OK
r-release-windows-ix86+x86_64 1.1.9 143.00 267.00 410.00 OK
r-oldrel-macos-x86_64 1.1.9 OK
r-oldrel-windows-ix86+x86_64 1.1.9 93.00 197.00 290.00 OK

Check Details

Version: 1.1.9
Check: package dependencies
Result: NOTE
    Packages suggested but not available for checking:
     'ProjectionBasedClustering', 'plotly'
Flavors: r-devel-linux-x86_64-debian-clang, r-release-linux-x86_64

Version: 1.1.9
Check: examples
Result: ERROR
    Running examples in 'GeneralizedUmatrix-Ex.R' failed
    The error most likely occurred in:
    
    > base::assign(".ptime", proc.time(), pos = "CheckExEnv")
    > ### Name: TopviewTopographicMap
    > ### Title: Topview of Topographic Map ind 2D
    > ### Aliases: TopviewTopographicMap
    > ### Keywords: topographic map visualization U-Matrix Umatrix
    > ### GeneralizedUmatrix
    >
    > ### ** Examples
    >
    >
    > data("Chainlink")
    > Data=Chainlink$Data
    > Cls=Chainlink$Cls
    > InputDistances=as.matrix(dist(Data))
    > res=cmdscale(d=InputDistances, k = 2, eig = TRUE, add = FALSE, x.ret = FALSE)
    > ProjectedPoints=as.matrix(res$points)
    > #see also ProjectionBasedClustering package for other common projection methods
    > ## Don't show:
    > resUmatrix=GeneralizedUmatrix(Data[1:2,],ProjectedPoints[1:2,])
    [1] "Operator: getUmatrix4BMUs() at 5%"
    [1] "Operator: getUmatrix4BMUs() at 10%"
    [1] "Operator: getUmatrix4BMUs() at 15%"
    [1] "Operator: getUmatrix4BMUs() at 20%"
    [1] "Operator: getUmatrix4BMUs() at 25%"
    [1] "Operator: getUmatrix4BMUs() at 30%"
    [1] "Operator: getUmatrix4BMUs() at 35%"
    [1] "Operator: getUmatrix4BMUs() at 40%"
    [1] "Operator: getUmatrix4BMUs() at 45%"
    [1] "Operator: getUmatrix4BMUs() at 50%"
    [1] "Operator: getUmatrix4BMUs() at 55%"
    [1] "Operator: getUmatrix4BMUs() at 60%"
    [1] "Operator: getUmatrix4BMUs() at 65%"
    [1] "Operator: getUmatrix4BMUs() at 70%"
    [1] "Operator: getUmatrix4BMUs() at 75%"
    [1] "Operator: getUmatrix4BMUs() at 80%"
    [1] "Operator: getUmatrix4BMUs() at 85%"
    [1] "Operator: getUmatrix4BMUs() at 90%"
    [1] "Operator: getUmatrix4BMUs() at 95%"
    [1] "Operator: getUmatrix4BMUs() at 95%"
    [1] "Operator: calcUmatrix() generates U-Matrix now..."
    > TopviewTopographicMap(resUmatrix$Umatrix,resUmatrix$Bestmatches)
    Error in loadNamespace(name) : there is no package called 'plotly'
    Calls: TopviewTopographicMap ... loadNamespace -> withRestarts -> withOneRestart -> doWithOneRestart
    Execution halted
Flavors: r-devel-linux-x86_64-debian-clang, r-release-linux-x86_64