CRAN Package Check Results for Package GenomicMating

Last updated on 2021-04-18 01:49:20 CEST.

Flavor Version Tinstall Tcheck Ttotal Status Flags
r-devel-linux-x86_64-debian-clang 2.0 47.93 79.15 127.08 OK
r-devel-linux-x86_64-debian-gcc 2.0 27.54 59.23 86.77 OK
r-devel-linux-x86_64-fedora-clang 2.0 160.06 NOTE
r-devel-linux-x86_64-fedora-gcc 2.0 144.69 NOTE
r-devel-windows-ix86+x86_64 2.0 100.00 134.00 234.00 OK
r-devel-windows-x86_64-gcc10-UCRT 2.0 NOTE
r-patched-linux-x86_64 2.0 35.11 73.65 108.76 OK
r-patched-solaris-x86 2.0 187.20 NOTE
r-release-linux-x86_64 2.0 33.41 73.37 106.78 OK
r-release-macos-x86_64 2.0 NOTE
r-release-windows-ix86+x86_64 2.0 96.00 148.00 244.00 OK
r-oldrel-macos-x86_64 2.0 NOTE
r-oldrel-windows-ix86+x86_64 2.0 60.00 119.00 179.00 OK

Check Details

Version: 2.0
Check: dependencies in R code
Result: NOTE
    Namespace in Imports field not imported from: ‘dplyr’
     All declared Imports should be used.
Flavors: r-devel-linux-x86_64-fedora-clang, r-devel-linux-x86_64-fedora-gcc, r-devel-windows-x86_64-gcc10-UCRT, r-patched-solaris-x86, r-release-macos-x86_64, r-oldrel-macos-x86_64