Last updated on 2023-06-01 07:57:01 CEST.
Flavor | Version | Tinstall | Tcheck | Ttotal | Status | Flags |
---|---|---|---|---|---|---|
r-devel-linux-x86_64-debian-clang | 1.0.2 | 4.20 | 35.00 | 39.20 | OK | |
r-devel-linux-x86_64-debian-gcc | 1.0.2 | 3.51 | 27.58 | 31.09 | OK | |
r-devel-linux-x86_64-fedora-clang | 1.0.2 | 49.92 | NOTE | |||
r-devel-linux-x86_64-fedora-gcc | 1.0.2 | 48.92 | NOTE | |||
r-devel-windows-x86_64 | 1.0.2 | 6.00 | 48.00 | 54.00 | OK | |
r-patched-linux-x86_64 | 1.0.2 | OK | ||||
r-release-linux-x86_64 | 1.0.2 | 3.58 | 33.82 | 37.40 | OK | |
r-release-macos-arm64 | 1.0.2 | 22.00 | OK | |||
r-release-macos-x86_64 | 1.0.2 | 29.00 | OK | |||
r-release-windows-x86_64 | 1.0.2 | 7.00 | 52.00 | 59.00 | OK | |
r-oldrel-macos-arm64 | 1.0.2 | 34.00 | NOTE | |||
r-oldrel-macos-x86_64 | 1.0.2 | 27.00 | NOTE | |||
r-oldrel-windows-x86_64 | 1.0.2 | 7.00 | 57.00 | 64.00 | OK |
Version: 1.0.2
Check: dependencies in R code
Result: NOTE
Namespaces in Imports field not imported from:
‘DT’ ‘GWmodel’ ‘beepr’ ‘cartography’ ‘dplyr’ ‘raster’ ‘readxl’
‘shinyBS’ ‘shinyWidgets’ ‘shinyalert’ ‘shinybusy’ ‘shinyjs’ ‘sp’
‘spdep’
All declared Imports should be used.
Flavors: r-devel-linux-x86_64-fedora-clang, r-devel-linux-x86_64-fedora-gcc, r-oldrel-macos-arm64, r-oldrel-macos-x86_64