Last updated on 2023-12-04 07:50:56 CET.
Flavor | Version | Tinstall | Tcheck | Ttotal | Status | Flags |
---|---|---|---|---|---|---|
r-devel-linux-x86_64-debian-clang | 1.0 | 18.79 | 176.76 | 195.55 | NOTE | |
r-devel-linux-x86_64-debian-gcc | 1.0 | 12.90 | 127.02 | 139.92 | NOTE | |
r-devel-linux-x86_64-fedora-clang | 1.0 | 247.66 | NOTE | |||
r-devel-linux-x86_64-fedora-gcc | 1.0 | 218.53 | NOTE | |||
r-devel-windows-x86_64 | 1.0 | 15.00 | 139.00 | 154.00 | NOTE | |
r-patched-linux-x86_64 | 1.0 | 17.97 | 165.08 | 183.05 | NOTE | |
r-release-linux-x86_64 | 1.0 | 12.59 | 164.14 | 176.73 | NOTE | |
r-release-macos-arm64 | 1.0 | 62.00 | NOTE | |||
r-release-macos-x86_64 | 1.0 | 105.00 | NOTE | |||
r-release-windows-x86_64 | 1.0 | 17.00 | 174.00 | 191.00 | NOTE | |
r-oldrel-macos-arm64 | 1.0 | 62.00 | NOTE | |||
r-oldrel-macos-x86_64 | 1.0 | 98.00 | NOTE | |||
r-oldrel-windows-x86_64 | 1.0 | 20.00 | 171.00 | 191.00 | NOTE |
Version: 1.0
Check: LazyData
Result: NOTE
'LazyData' is specified without a 'data' directory
Flavors: r-devel-linux-x86_64-debian-clang, r-devel-linux-x86_64-debian-gcc, r-devel-linux-x86_64-fedora-clang, r-devel-linux-x86_64-fedora-gcc, r-devel-windows-x86_64, r-patched-linux-x86_64, r-release-linux-x86_64, r-release-macos-arm64, r-release-macos-x86_64, r-release-windows-x86_64, r-oldrel-macos-arm64, r-oldrel-macos-x86_64, r-oldrel-windows-x86_64