CRAN Package Check Results for Package GiNA

Last updated on 2021-08-01 01:51:46 CEST.

Flavor Version Tinstall Tcheck Ttotal Status Flags
r-devel-linux-x86_64-debian-clang 1.0.1 7.33 67.59 74.92 NOTE
r-devel-linux-x86_64-debian-gcc 1.0.1 5.92 51.68 57.60 NOTE
r-devel-linux-x86_64-fedora-clang 1.0.1 93.43 NOTE
r-devel-linux-x86_64-fedora-gcc 1.0.1 87.22 NOTE
r-devel-windows-x86_64 1.0.1 8.00 107.00 115.00 OK
r-devel-windows-x86_64-gcc10-UCRT 1.0.1 OK
r-patched-linux-x86_64 1.0.1 NOTE
r-patched-solaris-x86 1.0.1 151.10 NOTE
r-release-linux-x86_64 1.0.1 6.63 64.72 71.35 NOTE
r-release-macos-arm64 1.0.1 ERROR
r-release-macos-x86_64 1.0.1 OK
r-release-windows-ix86+x86_64 1.0.1 16.00 68.00 84.00 OK
r-oldrel-macos-x86_64 1.0.1 OK
r-oldrel-windows-ix86+x86_64 1.0.1 13.00 98.00 111.00 OK

Check Details

Version: 1.0.1
Check: for non-standard things in the check directory
Result: NOTE
    Found the following files/directories:
     'Pictures_analyzed' 'cutoff_vals' 'cutoff_vals1' 'gina_cran.JPG'
Flavors: r-devel-linux-x86_64-debian-clang, r-devel-linux-x86_64-debian-gcc, r-devel-linux-x86_64-fedora-clang, r-devel-linux-x86_64-fedora-gcc, r-patched-linux-x86_64, r-patched-solaris-x86, r-release-linux-x86_64

Version: 1.0.1
Check: package dependencies
Result: ERROR
    Package required but not available: ‘EBImage’
    
    See section ‘The DESCRIPTION file’ in the ‘Writing R Extensions’
    manual.
Flavor: r-release-macos-arm64