CRAN Package Check Results for Package GlarmaVarSel

Last updated on 2022-06-30 01:49:09 CEST.

Flavor Version Tinstall Tcheck Ttotal Status Flags
r-devel-linux-x86_64-debian-clang 1.0 9.86 144.19 154.05 OK
r-devel-linux-x86_64-debian-gcc 1.0 8.20 105.84 114.04 OK
r-devel-linux-x86_64-fedora-clang 1.0 195.94 OK
r-devel-linux-x86_64-fedora-gcc 1.0 187.90 OK
r-devel-windows-x86_64 1.0 29.00 172.00 201.00 NOTE
r-patched-linux-x86_64 1.0 9.54 135.79 145.33 OK
r-release-linux-x86_64 1.0 11.23 132.36 143.59 OK
r-release-macos-arm64 1.0 49.00 OK
r-release-macos-x86_64 1.0 82.00 OK
r-release-windows-x86_64 1.0 27.00 176.00 203.00 NOTE
r-oldrel-macos-arm64 1.0 43.00 OK
r-oldrel-macos-x86_64 1.0 63.00 OK
r-oldrel-windows-ix86+x86_64 1.0 27.00 154.00 181.00 NOTE

Check Details

Version: 1.0
Check: package dependencies
Result: NOTE
    Package suggested but not available for checking: 'doMC'
Flavors: r-devel-windows-x86_64, r-release-windows-x86_64, r-oldrel-windows-ix86+x86_64