CRAN Package Check Results for Package GofCens

Last updated on 2021-12-08 01:51:44 CET.

Flavor Version Tinstall Tcheck Ttotal Status Flags
r-devel-linux-x86_64-debian-clang 0.91 10.16 107.42 117.58 OK
r-devel-linux-x86_64-debian-gcc 0.91 8.68 80.09 88.77 OK
r-devel-linux-x86_64-fedora-clang 0.91 141.58 NOTE
r-devel-linux-x86_64-fedora-gcc 0.91 134.35 OK
r-devel-windows-x86_64-new-UL 0.91 19.00 135.00 154.00 OK
r-devel-windows-x86_64-new-TK 0.91 OK
r-devel-windows-x86_64-old 0.91 17.00 121.00 138.00 OK
r-patched-linux-x86_64 0.91 10.59 100.17 110.76 OK
r-release-linux-x86_64 0.91 8.61 102.24 110.85 OK
r-release-macos-arm64 0.91 OK
r-release-macos-x86_64 0.91 OK
r-release-windows-ix86+x86_64 0.91 18.00 116.00 134.00 OK
r-oldrel-macos-x86_64 0.91 OK
r-oldrel-windows-ix86+x86_64 0.91 25.00 116.00 141.00 OK

Check Details

Version: 0.91
Check: Rd cross-references
Result: NOTE
    Undeclared package ‘goftest’ in Rd xrefs
Flavor: r-devel-linux-x86_64-fedora-clang