Last updated on 2023-09-22 07:57:33 CEST.
Flavor | Version | Tinstall | Tcheck | Ttotal | Status | Flags |
---|---|---|---|---|---|---|
r-devel-linux-x86_64-debian-clang | 0.1.0 | 24.70 | 55.70 | 80.40 | NOTE | |
r-devel-linux-x86_64-debian-gcc | 0.1.0 | 18.37 | 43.56 | 61.93 | NOTE | |
r-devel-linux-x86_64-fedora-clang | 0.1.0 | 113.95 | NOTE | |||
r-devel-linux-x86_64-fedora-gcc | 0.1.0 | 127.69 | NOTE | |||
r-devel-windows-x86_64 | 0.1.0 | 28.00 | 97.00 | 125.00 | NOTE | |
r-patched-linux-x86_64 | 0.1.0 | 25.31 | 53.86 | 79.17 | NOTE | |
r-release-linux-x86_64 | 0.1.0 | 23.48 | 53.86 | 77.34 | NOTE | |
r-release-macos-arm64 | 0.1.0 | 43.00 | NOTE | |||
r-release-macos-x86_64 | 0.1.0 | 63.00 | NOTE | |||
r-release-windows-x86_64 | 0.1.0 | 28.00 | 102.00 | 130.00 | NOTE | |
r-oldrel-macos-arm64 | 0.1.0 | 44.00 | OK | |||
r-oldrel-macos-x86_64 | 0.1.0 | 50.00 | OK | |||
r-oldrel-windows-x86_64 | 0.1.0 | 28.00 | 100.00 | 128.00 | OK |
Version: 0.1.0
Check: C++ specification
Result: NOTE
Specified C++14: please drop specification unless essential
Flavors: r-devel-linux-x86_64-debian-clang, r-devel-linux-x86_64-debian-gcc, r-devel-linux-x86_64-fedora-clang, r-devel-linux-x86_64-fedora-gcc, r-devel-windows-x86_64, r-patched-linux-x86_64, r-release-linux-x86_64, r-release-macos-arm64, r-release-macos-x86_64, r-release-windows-x86_64