CRAN Package Check Results for Package Guerry

Last updated on 2022-01-28 00:48:56 CET.

Flavor Version Tinstall Tcheck Ttotal Status Flags
r-devel-linux-x86_64-debian-clang 1.7.4 2.08 96.58 98.66 OK
r-devel-linux-x86_64-debian-gcc 1.7.4 1.60 73.30 74.90 OK
r-devel-linux-x86_64-fedora-clang 1.7.4 111.99 OK
r-devel-linux-x86_64-fedora-gcc 1.7.4 105.28 OK
r-devel-windows-x86_64-new-UL 1.7.4 20.00 128.00 148.00 OK
r-devel-windows-x86_64-new-TK 1.7.4 ERROR
r-patched-linux-x86_64 1.7.4 2.31 85.19 87.50 OK
r-release-linux-x86_64 1.7.4 1.96 85.45 87.41 OK
r-release-macos-arm64 1.7.4 OK
r-release-macos-x86_64 1.7.4 OK
r-release-windows-ix86+x86_64 1.7.4 5.00 106.00 111.00 OK
r-oldrel-macos-x86_64 1.7.4 OK
r-oldrel-windows-ix86+x86_64 1.7.4 9.00 107.00 116.00 OK

Check Details

Version: 1.7.4
Check: package dependencies
Result: NOTE
    Packages suggested but not available for checking:
     'car', 'heplots', 'candisc'
Flavor: r-devel-windows-x86_64-new-TK

Version: 1.7.4
Check: examples
Result: ERROR
    Running examples in 'Guerry-Ex.R' failed
    The error most likely occurred in:
    
    > ### Name: Guerry
    > ### Title: Data from A.-M. Guerry, "Essay on the Moral Statistics of
    > ### France"
    > ### Aliases: Guerry
    > ### Keywords: datasets
    >
    > ### ** Examples
    >
    > library(car)
    Error in library(car) : there is no package called 'car'
    Execution halted
Flavor: r-devel-windows-x86_64-new-TK