CRAN Package Check Results for Package HARtools

Last updated on 2020-04-01 01:48:52 CEST.

Flavor Version Tinstall Tcheck Ttotal Status Flags
r-devel-linux-x86_64-debian-clang 0.0.5 3.08 31.59 34.67 OK
r-devel-linux-x86_64-debian-gcc 0.0.5 2.83 25.45 28.28 OK
r-devel-linux-x86_64-fedora-clang 0.0.5 43.14 OK
r-devel-linux-x86_64-fedora-gcc 0.0.5 41.95 OK
r-devel-windows-ix86+x86_64 0.0.5 9.00 48.00 57.00 OK
r-devel-windows-ix86+x86_64-gcc8 0.0.5 8.00 48.00 56.00 OK
r-patched-linux-x86_64 0.0.5 3.47 31.28 34.75 OK
r-patched-solaris-x86 0.0.5 68.10 WARN
r-release-linux-x86_64 0.0.5 2.41 29.61 32.02 OK
r-release-windows-ix86+x86_64 0.0.5 11.00 64.00 75.00 OK
r-release-osx-x86_64 0.0.5 WARN
r-oldrel-windows-ix86+x86_64 0.0.5 7.00 74.00 81.00 OK
r-oldrel-osx-x86_64 0.0.5 WARN

Check Details

Version: 0.0.5
Check: re-building of vignette outputs
Result: WARN
    Error(s) in re-building vignettes:
     ...
    --- re-building ‘Basic_use.Rmd’ using rmarkdown
    Warning in engine$weave(file, quiet = quiet, encoding = enc) :
     Pandoc (>= 1.12.3) and/or pandoc-citeproc not available. Falling back to R Markdown v1.
    Quitting from lines 122-128 (Basic_use.Rmd)
    Error: processing vignette 'Basic_use.Rmd' failed with diagnostics:
    there is no package called 'webshot'
    --- failed re-building ‘Basic_use.Rmd’
    
    SUMMARY: processing the following file failed:
     ‘Basic_use.Rmd’
    
    Error: Vignette re-building failed.
    Execution halted
Flavor: r-patched-solaris-x86

Version: 0.0.5
Check: re-building of vignette outputs
Result: WARN
    Error(s) in re-building vignettes:
     ...
    --- re-building ‘Basic_use.Rmd’ using rmarkdown
    Warning in engine$weave(file, quiet = quiet, encoding = enc) :
     Pandoc (>= 1.12.3) and/or pandoc-citeproc not available. Falling back to R Markdown v1.
    Quitting from lines 122-128 (Basic_use.Rmd)
    Error: processing vignette 'Basic_use.Rmd' failed with diagnostics:
    cannot open the connection
    --- failed re-building ‘Basic_use.Rmd’
    
    SUMMARY: processing the following file failed:
     ‘Basic_use.Rmd’
    
    Error: Vignette re-building failed.
    Execution halted
Flavor: r-release-osx-x86_64

Version: 0.0.5
Check: re-building of vignette outputs
Result: WARN
    Error in re-building vignettes:
     ...
    Warning in engine$weave(file, quiet = quiet, encoding = enc) :
     Pandoc (>= 1.12.3) and/or pandoc-citeproc not available. Falling back to R Markdown v1.
    Quitting from lines 122-128 (Basic_use.Rmd)
    Error: processing vignette 'Basic_use.Rmd' failed with diagnostics:
    cannot open the connection
    Execution halted
Flavor: r-oldrel-osx-x86_64