CRAN Package Check Results for Package HCR

Last updated on 2021-09-16 01:49:34 CEST.

Flavor Version Tinstall Tcheck Ttotal Status Flags
r-devel-linux-x86_64-debian-clang 0.1.1 2.73 36.93 39.66 NOTE
r-devel-linux-x86_64-debian-gcc 0.1.1 2.27 27.25 29.52 NOTE
r-devel-linux-x86_64-fedora-clang 0.1.1 56.00 NOTE
r-devel-linux-x86_64-fedora-gcc 0.1.1 43.95 NOTE
r-devel-windows-x86_64 0.1.1 3.00 39.00 42.00 NOTE
r-devel-windows-x86_64-gcc10-UCRT 0.1.1 NOTE
r-patched-linux-x86_64 0.1.1 2.69 35.07 37.76 NOTE
r-patched-solaris-x86 0.1.1 65.30 NOTE
r-release-linux-x86_64 0.1.1 2.51 34.33 36.84 NOTE
r-release-macos-arm64 0.1.1 NOTE
r-release-macos-x86_64 0.1.1 NOTE
r-release-windows-ix86+x86_64 0.1.1 7.00 49.00 56.00 NOTE
r-oldrel-macos-x86_64 0.1.1 OK
r-oldrel-windows-ix86+x86_64 0.1.1 5.00 46.00 51.00 OK

Check Details

Version: 0.1.1
Check: LazyData
Result: NOTE
     'LazyData' is specified without a 'data' directory
Flavors: r-devel-linux-x86_64-debian-clang, r-devel-linux-x86_64-debian-gcc, r-devel-linux-x86_64-fedora-clang, r-devel-linux-x86_64-fedora-gcc, r-devel-windows-x86_64, r-devel-windows-x86_64-gcc10-UCRT, r-patched-linux-x86_64, r-patched-solaris-x86, r-release-linux-x86_64, r-release-macos-arm64, r-release-macos-x86_64, r-release-windows-ix86+x86_64