CRAN Package Check Results for Package HDPenReg

Last updated on 2020-07-05 01:49:15 CEST.

Flavor Version Tinstall Tcheck Ttotal Status Flags
r-devel-linux-x86_64-debian-clang 0.94.6 340.53 93.13 433.66 OK
r-devel-linux-x86_64-debian-gcc 0.94.6 288.76 73.23 361.99 OK
r-devel-linux-x86_64-fedora-clang 0.94.6 580.13 NOTE
r-devel-linux-x86_64-fedora-gcc 0.94.6 616.79 OK
r-devel-windows-ix86+x86_64 0.94.6 776.00 204.00 980.00 OK
r-patched-linux-x86_64 0.94.6 304.15 92.53 396.68 OK
r-patched-solaris-x86 0.94.6 506.30 OK
r-release-linux-x86_64 0.94.6 302.22 92.51 394.73 OK
r-release-osx-x86_64 0.94.6 NOTE
r-release-windows-ix86+x86_64 0.94.6 577.00 146.00 723.00 OK
r-oldrel-osx-x86_64 0.94.6 NOTE
r-oldrel-windows-ix86+x86_64 0.94.6 630.00 190.00 820.00 OK

Check Details

Version: 0.94.6
Check: installed package size
Result: NOTE
     installed size is 38.1Mb
     sub-directories of 1Mb or more:
     libs 37.7Mb
Flavors: r-devel-linux-x86_64-fedora-clang, r-release-osx-x86_64, r-oldrel-osx-x86_64