CRAN Package Check Results for Package HDPenReg

Last updated on 2019-12-13 01:51:58 CET.

Flavor Version Tinstall Tcheck Ttotal Status Flags
r-devel-linux-x86_64-debian-clang 0.94.6 312.98 92.51 405.49 OK
r-devel-linux-x86_64-debian-gcc 0.94.6 259.01 71.85 330.86 OK
r-devel-linux-x86_64-fedora-clang 0.94.6 549.51 NOTE
r-devel-linux-x86_64-fedora-gcc 0.94.6 613.10 OK
r-devel-windows-ix86+x86_64 0.94.6 571.00 140.00 711.00 OK
r-devel-windows-ix86+x86_64-gcc8 0.94.6 613.00 198.00 811.00 OK
r-patched-linux-x86_64 0.94.6 289.40 85.28 374.68 OK
r-patched-solaris-x86 0.94.6 495.50 OK
r-release-linux-x86_64 0.94.6 287.17 84.24 371.41 OK
r-release-windows-ix86+x86_64 0.94.6 607.00 144.00 751.00 OK
r-release-osx-x86_64 0.94.6 NOTE
r-oldrel-windows-ix86+x86_64 0.94.6 591.00 143.00 734.00 OK
r-oldrel-osx-x86_64 0.94.6 NOTE

Check Details

Version: 0.94.6
Check: installed package size
Result: NOTE
     installed size is 34.6Mb
     sub-directories of 1Mb or more:
     libs 34.1Mb
Flavors: r-devel-linux-x86_64-fedora-clang, r-release-osx-x86_64, r-oldrel-osx-x86_64