Last updated on 2022-07-03 01:48:56 CEST.
Flavor | Version | Tinstall | Tcheck | Ttotal | Status | Flags |
---|---|---|---|---|---|---|
r-devel-linux-x86_64-debian-clang | 1.0.1 | 103.75 | 39.31 | 143.06 | OK | |
r-devel-linux-x86_64-debian-gcc | 1.0.1 | 79.28 | 33.42 | 112.70 | OK | |
r-devel-linux-x86_64-fedora-clang | 1.0.1 | 204.95 | NOTE | |||
r-devel-linux-x86_64-fedora-gcc | 1.0.1 | 192.19 | OK | |||
r-devel-windows-x86_64 | 1.0.1 | 107.00 | 87.00 | 194.00 | OK | |
r-patched-linux-x86_64 | 1.0.1 | 85.65 | 42.34 | 127.99 | OK | |
r-release-linux-x86_64 | 1.0.1 | 83.27 | 41.59 | 124.86 | OK | |
r-release-macos-arm64 | 1.0.1 | 50.00 | NOTE | |||
r-release-macos-x86_64 | 1.0.1 | 63.00 | NOTE | |||
r-release-windows-x86_64 | 1.0.1 | 69.00 | 87.00 | 156.00 | OK | |
r-oldrel-macos-arm64 | 1.0.1 | 50.00 | NOTE | |||
r-oldrel-macos-x86_64 | 1.0.1 | 66.00 | NOTE | |||
r-oldrel-windows-ix86+x86_64 | 1.0.1 | 215.00 | 94.00 | 309.00 | OK |
Version: 1.0.1
Check: installed package size
Result: NOTE
installed size is 20.1Mb
sub-directories of 1Mb or more:
libs 19.9Mb
Flavors: r-devel-linux-x86_64-fedora-clang, r-release-macos-arm64, r-release-macos-x86_64, r-oldrel-macos-arm64, r-oldrel-macos-x86_64