CRAN Package Check Results for Package HMP

Last updated on 2021-12-06 00:48:31 CET.

Flavor Version Tinstall Tcheck Ttotal Status Flags
r-devel-linux-x86_64-debian-clang 2.0.1 11.60 115.60 127.20 OK
r-devel-linux-x86_64-debian-gcc 2.0.1 9.71 87.95 97.66 OK
r-devel-linux-x86_64-fedora-clang 2.0.1 163.55 NOTE
r-devel-linux-x86_64-fedora-gcc 2.0.1 149.48 OK
r-devel-windows-x86_64-new-UL 2.0.1 25.00 171.00 196.00 OK
r-devel-windows-x86_64-new-TK 2.0.1 OK
r-devel-windows-x86_64-old 2.0.1 19.00 106.00 125.00 OK
r-patched-linux-x86_64 2.0.1 12.35 100.65 113.00 OK
r-release-linux-x86_64 2.0.1 10.12 108.28 118.40 OK
r-release-macos-arm64 2.0.1 OK
r-release-macos-x86_64 2.0.1 OK
r-release-windows-ix86+x86_64 2.0.1 27.00 139.00 166.00 OK
r-oldrel-macos-x86_64 2.0.1 OK
r-oldrel-windows-ix86+x86_64 2.0.1 27.00 142.00 169.00 OK

Check Details

Version: 2.0.1
Check: Rd cross-references
Result: NOTE
    Undeclared package ‘genalg’ in Rd xrefs
Flavor: r-devel-linux-x86_64-fedora-clang