CRAN Package Check Results for Package HMP

Last updated on 2021-06-24 01:50:22 CEST.

Flavor Version Tinstall Tcheck Ttotal Status Flags
r-devel-linux-x86_64-debian-clang 2.0.1 10.55 108.06 118.61 OK
r-devel-linux-x86_64-debian-gcc 2.0.1 9.24 82.54 91.78 OK
r-devel-linux-x86_64-fedora-clang 2.0.1 147.74 NOTE
r-devel-linux-x86_64-fedora-gcc 2.0.1 138.97 OK
r-devel-windows-x86_64 2.0.1 18.00 127.00 145.00 OK
r-devel-windows-x86_64-gcc10-UCRT 2.0.1 OK
r-patched-linux-x86_64 2.0.1 11.71 102.55 114.26 OK
r-patched-solaris-x86 2.0.1 200.60 OK
r-release-linux-x86_64 2.0.1 10.21 102.50 112.71 OK
r-release-macos-arm64 2.0.1 OK
r-release-macos-x86_64 2.0.1 OK
r-release-windows-ix86+x86_64 2.0.1 18.00 122.00 140.00 OK
r-oldrel-macos-x86_64 2.0.1 OK

Check Details

Version: 2.0.1
Check: Rd cross-references
Result: NOTE
    Undeclared package ‘genalg’ in Rd xrefs
Flavor: r-devel-linux-x86_64-fedora-clang