CRAN Package Check Results for Package HRW

Last updated on 2021-01-15 00:49:20 CET.

Flavor Version Tinstall Tcheck Ttotal Status Flags
r-devel-linux-x86_64-debian-clang 1.0-3 6.34 49.78 56.12 OK
r-devel-linux-x86_64-debian-gcc 1.0-3 5.79 38.90 44.69 OK
r-devel-linux-x86_64-fedora-clang 1.0-3 76.05 NOTE
r-devel-linux-x86_64-fedora-gcc 1.0-3 69.01 OK
r-devel-windows-ix86+x86_64 1.0-3 12.00 81.00 93.00 NOTE
r-patched-linux-x86_64 1.0-3 6.65 47.22 53.87 OK
r-patched-solaris-x86 1.0-3 99.00 NOTE
r-release-linux-x86_64 1.0-3 6.42 47.54 53.96 OK
r-release-macos-x86_64 1.0-3 NOTE
r-release-windows-ix86+x86_64 1.0-3 11.00 60.00 71.00 NOTE
r-oldrel-macos-x86_64 1.0-3 NOTE
r-oldrel-windows-ix86+x86_64 1.0-3 9.00 58.00 67.00 NOTE

Check Details

Version: 1.0-3
Check: installed package size
Result: NOTE
     installed size is 9.3Mb
     sub-directories of 1Mb or more:
     data 8.8Mb
Flavors: r-devel-linux-x86_64-fedora-clang, r-devel-windows-ix86+x86_64, r-patched-solaris-x86, r-release-macos-x86_64, r-release-windows-ix86+x86_64, r-oldrel-macos-x86_64, r-oldrel-windows-ix86+x86_64