CRAN Package Check Results for Package HSAR

Last updated on 2020-07-05 01:49:16 CEST.

Flavor Version Tinstall Tcheck Ttotal Status Flags
r-devel-linux-x86_64-debian-clang 0.5.1 159.38 189.71 349.09 OK
r-devel-linux-x86_64-debian-gcc 0.5.1 122.93 143.75 266.68 OK
r-devel-linux-x86_64-fedora-clang 0.5.1 472.38 NOTE
r-devel-linux-x86_64-fedora-gcc 0.5.1 432.92 OK
r-devel-windows-ix86+x86_64 0.5.1 381.00 340.00 721.00 OK
r-patched-linux-x86_64 0.5.1 134.95 185.18 320.13 OK
r-patched-solaris-x86 0.5.1 533.60 OK
r-release-linux-x86_64 0.5.1 135.29 184.02 319.31 OK
r-release-windows-ix86+x86_64 0.5 287.00 250.00 537.00 OK
r-oldrel-osx-x86_64 0.5.1 NOTE
r-oldrel-windows-ix86+x86_64 0.5.1 231.00 262.00 493.00 OK

Check Details

Version: 0.5.1
Check: installed package size
Result: NOTE
     installed size is 12.2Mb
     sub-directories of 1Mb or more:
     libs 11.6Mb
Flavors: r-devel-linux-x86_64-fedora-clang, r-oldrel-osx-x86_64